000
CDUS43 KGRB 280717
CLIAUW


CLIMATE REPORT
NATIONAL WEATHER SERVICE GREEN BAY
215 AM CDT TUE APR 28 2015


...................................

...THE WAUSAU WI CLIMATE SUMMARY FOR APRIL 27 2015...

CLIMATE NORMAL PERIOD 1981 TO 2010
CLIMATE RECORD PERIOD 1896 TO 2015


WEATHER ITEM   OBSERVED TIME   RECORD YEAR NORMAL DEPARTURE LAST
                VALUE   (LST)  VALUE       VALUE  FROM      YEAR
                                                  NORMAL
..................................................................
TEMPERATURE (F)
 YESTERDAY
  MAXIMUM         67    437 PM  85    1986  61      6       41
  MINIMUM         36    536 AM  21    1946  38     -2       32
                                      1934
  AVERAGE         52                        49      3

PRECIPITATION (IN)
  YESTERDAY        0.00          2.10 1899   0.11  -0.11     0.36
  MONTH TO DATE    3.15                      2.41   0.74     3.21
  SINCE MAR 1      3.97                      4.17  -0.20     3.96
  SINCE JAN 1      4.72                      6.11  -1.39     6.90

SNOWFALL (IN)
  YESTERDAY        0.0           2.4  2002   0.1   -0.1       T
  MONTH TO DATE    5.2                       3.9    1.3      8.4
  SINCE JUL 1     53.7                      59.2   -5.5     84.3
  SNOW DEPTH       0

DEGREE DAYS
 HEATING
  YESTERDAY       13                        16     -3       28
  MONTH TO DATE  528                       585    -57      695
  SINCE MAR 1   1561                      1670   -109     2027
  SINCE JUL 1   8141                      7806    335     8974

 COOLING
  YESTERDAY        0                         0      0        0
  MONTH TO DATE    0                         0      0        0
  SINCE MAR 1      0                         0      0        0
  SINCE JAN 1      0                         0      0        0
..................................................................


WIND (MPH)
  HIGHEST WIND SPEED    15   HIGHEST WIND DIRECTION     N (360)
  HIGHEST GUST SPEED    23   HIGHEST GUST DIRECTION     N (350)
  AVERAGE WIND SPEED     7.3


SKY COVER
  POSSIBLE SUNSHINE  MM
  AVERAGE SKY COVER 0.0


WEATHER CONDITIONS
 THE FOLLOWING WEATHER WAS RECORDED YESTERDAY.
  NO SIGNIFICANT WEATHER WAS OBSERVED.


RELATIVE HUMIDITY (PERCENT)
 HIGHEST    82           500 AM
 LOWEST     23           700 PM
 AVERAGE    53

..........................................................


THE WAUSAU WI CLIMATE NORMALS FOR TODAY
                         NORMAL    RECORD    YEAR
 MAXIMUM TEMPERATURE (F)   61        91      1952
 MINIMUM TEMPERATURE (F)   38        25      1958
                                             1953


SUNRISE AND SUNSET
APRIL 28 2015.........SUNRISE   553 AM CDT   SUNSET   800 PM CDT
APRIL 29 2015.........SUNRISE   551 AM CDT   SUNSET   801 PM CDT


-  INDICATES NEGATIVE NUMBERS.
R  INDICATES RECORD WAS SET OR TIED.
MM INDICATES DATA IS MISSING.
T  INDICATES TRACE AMOUNT.

$$
