000
CDUS41 KBOX 280544
CLIBDL


CLIMATE REPORT
NATIONAL WEATHER SERVICE TAUNTON MA
138 AM EDT TUE APR 28 2015


...................................

...THE HARTFORD CT CLIMATE SUMMARY FOR APRIL 27 2015...

CLIMATE NORMAL PERIOD 1981 TO 2010
CLIMATE RECORD PERIOD 1904 TO 2015


WEATHER ITEM   OBSERVED TIME   RECORD YEAR NORMAL DEPARTURE LAST
                VALUE   (LST)  VALUE       VALUE  FROM      YEAR
                                                  NORMAL
..................................................................
TEMPERATURE (F)
 YESTERDAY
  MAXIMUM         63    138 PM  94    1962  65     -2       57
  MINIMUM         45    518 AM  30    2002  42      3       41
                                      1987
                                      1963
  AVERAGE         54                        54      0       49

PRECIPITATION (IN)
  YESTERDAY        T             2.92 1979   0.13  -0.13      T
  MONTH TO DATE    3.40                      3.34   0.06     3.50
  SINCE MAR 1      6.06                      6.96  -0.90     8.22
  SINCE JAN 1     12.24                     13.08  -0.84    15.59

SNOWFALL (IN)
  YESTERDAY        0.0           0.1  1932   0.0    0.0      0.0
  MONTH TO DATE    T                         1.4   -1.4      0.2
  SINCE MAR 1      9.0                       7.8    1.2      1.0
  SINCE JUL 1     63.8                      40.5   23.3     51.1
  SNOW DEPTH       0

DEGREE DAYS
 HEATING
  YESTERDAY       11                        12     -1       16
  MONTH TO DATE  434                       441     -7      425
  SINCE MAR 1   1432                      1284    148     1464
  SINCE JUL 1   6077                      5722    355     6143

 COOLING
  YESTERDAY        0                         0      0        0
  MONTH TO DATE    0                         0      0        1
  SINCE MAR 1      0                         0      0        1
  SINCE JAN 1      0                         0      0        1
..................................................................


WIND (MPH)
  RESULTANT WIND SPEED  11   RESULTANT WIND DIRECTION  NW (330)
  HIGHEST WIND SPEED    23   HIGHEST WIND DIRECTION    NW (330)
  HIGHEST GUST SPEED    32   HIGHEST GUST DIRECTION    NW (310)
  AVERAGE WIND SPEED    10.9


SKY COVER
  POSSIBLE SUNSHINE  MM
  AVERAGE SKY COVER 0.9


WEATHER CONDITIONS
 THE FOLLOWING WEATHER WAS RECORDED YESTERDAY.
  LIGHT RAIN


RELATIVE HUMIDITY (PERCENT)
 HIGHEST    59           900 PM
 LOWEST     36          1200 PM
 AVERAGE    48

..........................................................


THE HARTFORD CT CLIMATE NORMALS FOR TODAY
                         NORMAL    RECORD    YEAR
 MAXIMUM TEMPERATURE (F)   66        94      2009
                                             1990
 MINIMUM TEMPERATURE (F)   43        29      1972


SUNRISE AND SUNSET
APRIL 28 2015.........SUNRISE   551 AM EDT   SUNSET   746 PM EDT
APRIL 29 2015.........SUNRISE   550 AM EDT   SUNSET   747 PM EDT


-  INDICATES NEGATIVE NUMBERS.
R  INDICATES RECORD WAS SET OR TIED.
MM INDICATES DATA IS MISSING.
T  INDICATES TRACE AMOUNT.




$$
