000
CDAK48 PABE 012324
CLIBET

CLIMATE REPORT
NATIONAL WEATHER SERVICE BETHEL, AK
324 PM AKDT WED APR 1 2015

...................................
...THE BETHEL AP CLIMATE SUMMARY FOR APRIL 1 2015...
VALID TODAY AS OF 2:00 PM LOCAL TIME

CLIMATE NORMAL PERIOD  1981 TO  2015
CLIMATE RECORD PERIOD  1923 TO  2015

WEATHER ITEM   OBSERVED TIME    RECORD YEAR NORMAL DEPARTURE LAST
               VALUE    (LST)   VALUE       VALUE  FROM      YEAR
                                                   NORMAL
...................................................................
TEMPERATURE
TODAY
 MAXIMUM            22  1259 PM    50  1934     27      -5     36
 MINIMUM            19  0951 AM   -17  1946     12       7     12
 AVERAGE            21                          19       2     24

PRECIPITATION
(INCHES)
 TODAY            0.00           0.53  2003   0.02   -0.02   0.00
 MONTH TO DATE    0.00                        0.02   -0.02   0.00
 SINCE MAR 1      0.50                        0.73   -0.23   0.48
 SINCE JAN 1      1.54                        2.23   -0.69   2.06

SNOWFALL
(INCHES)
 TODAY             0.0            4.2  1944    0.2    -0.2    0.0
 MONTH TO DATE     0.0                         0.2    -0.2    0.0
 SINCE MAR 1       6.8                         8.4    -1.6    4.7
 SINCE JUL 1      32.3                        54.2   -21.9   26.8
 SNOW DEPTH (IN)     T                                          1

DEGREE DAYS
 HEATING
  TODAY             44                          46      -2     41
  MONTH TO DATE     44                          46      -2     41
  SINCE MAR 1     1414                        1590    -176   1654
  SINCE JUL 1     9189                       10336   -1147   9129

 COOLING
  TODAY              0                           0       0      0
  MONTH TO DATE      0                           0       0      0
  SINCE MAR 1        0                           0       0      0
  SINCE JAN 1        0                           0       0      0
...................................................................

WIND (MPH)
 HIGHEST WIND SPEED    16     HIGHEST WIND DIRECTION    330
 HIGHEST GUST SPEED    19     HIGHEST GUST DIRECTION    320
 AVERAGE WIND SPEED    MM

WEATHER CONDITIONS
 THE FOLLOWING WEATHER WAS RECORDED TODAY.
NO SIGNIFICANT WEATHER WAS OBSERVED.

...................................................................

THE BETHEL CLIMATE NORMALS FOR TOMORROW
                        NORMAL    RECORD   YEAR
 MAXIMUM TEMPERATURE      27        53     1926
 MINIMUM TEMPERATURE      12       -19     1946

SUNRISE AND SUNSET
 APR 1 2015..........SUNRISE  8:12 AM      SUNSET  9:33 PM
 APR 2 2015..........SUNRISE  8:09 AM      SUNSET  9:36 PM

-  INDICATES NEGATIVE NUMBERS.
R  INDICATES RECORD HAS BEEN SET OR TIED.
MM INDICATES DATA IS MISSING.
T  INDICATES TRACE OF PRECIPITATION.

&&
-------------------------------------------------------------------

AMOUNT OF DAYLIGHT TODAY  (HOUR:MIN)........13 HOURS 21 MINUTES
GAIN/LOSS SINCE YESTERDAY (HOUR:MIN:SEC)....+0:05:38

$$
TR APR 15
