000
CDAK48 PABE 202340
CLIBET

CLIMATE REPORT
NATIONAL WEATHER SERVICE BETHEL, AK
340 PM AKDT MON APR 20 2015

...................................
...THE BETHEL AP CLIMATE SUMMARY FOR APRIL 20 2015...
VALID TODAY AS OF 2:00 PM LOCAL TIME

CLIMATE NORMAL PERIOD  1981 TO  2010
CLIMATE RECORD PERIOD  1923 TO  2015

WEATHER ITEM   OBSERVED TIME    RECORD YEAR NORMAL DEPARTURE LAST
               VALUE    (LST)   VALUE       VALUE  FROM      YEAR
                                                   NORMAL
...................................................................
TEMPERATURE
TODAY
 MAXIMUM            32  0156 PM    57  1951     37      -5     51
 MINIMUM            12  0433 AM   -11  1924     22     -10     31
 AVERAGE            22                          29      -7     41

PRECIPITATION
(INCHES)
 TODAY            0.05           0.48  1979   0.02    0.03   0.00
 MONTH TO DATE    0.55                        0.46    0.09   0.31
 SINCE MAR 1      1.05                        1.17   -0.12   0.79
 SINCE JAN 1      2.09                        2.67   -0.58   2.37

SNOWFALL
(INCHES)
 TODAY             0.4            1.9  2002    0.2     0.2    0.0
 MONTH TO DATE     5.0                         4.4     0.6    1.0
 SINCE MAR 1      11.8                        12.6    -0.8    5.7
 SINCE JUL 1      37.3                        58.4   -21.1   27.8
 SNOW DEPTH (IN)     1                                          0

DEGREE DAYS
 HEATING
  TODAY             43                          36       7     24
  MONTH TO DATE    776                         817     -41    697
  SINCE MAR 1     2146                        2361    -215   2310
  SINCE JUL 1     9921                       11107   -1186   9785

 COOLING
  TODAY              0                           0       0      0
  MONTH TO DATE      0                           0       0      0
  SINCE MAR 1        0                           0       0      0
  SINCE JAN 1        0                           0       0      0
...................................................................

WIND (MPH)
 HIGHEST WIND SPEED    31     HIGHEST WIND DIRECTION    180
 HIGHEST GUST SPEED    42     HIGHEST GUST DIRECTION    140
 AVERAGE WIND SPEED    MM

SKY COVER
  POSSIBLE SUNSHINE  MM            AVERAGE SKY COVER MM

WEATHER CONDITIONS
 THE FOLLOWING WEATHER WAS RECORDED TODAY.
 SMOKE OR HAZE
 FOG
 BLOWING SNOW
 SNOW


RELATIVE HUMIDITY
 HIGHEST RH     MM PERCENT       MM
 LOWEST  RH     MM PERCENT       MM
 AVERAGE RH     MM PERCENT       MM
...................................................................

THE BETHEL CLIMATE NORMALS FOR TOMORROW
                        NORMAL    RECORD   YEAR
 MAXIMUM TEMPERATURE      38        57     1951
 MINIMUM TEMPERATURE      22       -11     1924

SUNRISE AND SUNSET
 APR 20 2015..........SUNRISE  7:13 AM      SUNSET 10:22 PM
 APR 21 2015..........SUNRISE  7:10 AM      SUNSET 10:24 PM

-  INDICATES NEGATIVE NUMBERS.
R  INDICATES RECORD HAS BEEN SET OR TIED.
MM INDICATES DATA IS MISSING.
T  INDICATES TRACE OF PRECIPITATION.

&&
-------------------------------------------------------------------

AMOUNT OF DAYLIGHT TODAY  (HOUR:MIN)........15 HOURS 9 MINUTES
GAIN/LOSS SINCE YESTERDAY (HOUR:MIN:SEC)....+0:05:34

$$
CR
