000
CDUS43 KGRR 180514
CLIBIV


CLIMATE REPORT
NATIONAL WEATHER SERVICE GRAND RAPIDS, MI
114 AM EDT SAT APR 18 2015


...................................

...THE HOLLAND/TULIP CITY MI CLIMATE SUMMARY FOR APRIL 17 2015...

CLIMATE NORMAL PERIOD 1981 TO 2010
CLIMATE RECORD PERIOD 1996 TO 2015


WEATHER ITEM   OBSERVED TIME   NORMAL DEPARTURE LAST
                VALUE   (LST)  VALUE  FROM      YEAR
                                      NORMAL
......................................................
TEMPERATURE (F)
 YESTERDAY
  MAXIMUM         71    553 PM  59     12       59
  MINIMUM         38    346 AM  39     -1       37
  AVERAGE         55            49      6       48

PRECIPITATION (IN)
  YESTERDAY        0.00          0.13  -0.13     0.00
  MONTH TO DATE    2.91          1.59   1.32     1.37
  SINCE MAR 1      3.53          3.86  -0.33     2.51
  SINCE JAN 1      5.01          7.75  -2.74     6.47

DEGREE DAYS
 HEATING
  YESTERDAY       10            16     -6       17
  MONTH TO DATE  268           327    -59      343
  SINCE MAR 1   1245          1201     44     1469
  SINCE JUL 1   6212          5701    511     6627

 COOLING
  YESTERDAY        0             0      0        0
  MONTH TO DATE    0             0      0        0
  SINCE MAR 1      0             0      0        0
  SINCE JAN 1      0             0      0        0
......................................................


WIND (MPH)
  RESULTANT WIND SPEED   3   RESULTANT WIND DIRECTION   W (250)
  HIGHEST WIND SPEED    12   HIGHEST WIND DIRECTION     W (260)
  HIGHEST GUST SPEED    15   HIGHEST GUST DIRECTION     W (260)
  AVERAGE WIND SPEED     4.3


SKY COVER
  AVERAGE SKY COVER 0.1


WEATHER CONDITIONS
 THE FOLLOWING WEATHER WAS RECORDED YESTERDAY.
  FOG
  HAZE


RELATIVE HUMIDITY (PERCENT)
 HIGHEST    92           200 AM
 LOWEST     34           600 PM
 AVERAGE    63

..........................................................


THE HOLLAND/TULIP CITY MI CLIMATE NORMALS FOR TODAY
                         NORMAL
 MAXIMUM TEMPERATURE (F)   59
 MINIMUM TEMPERATURE (F)   40


SUNRISE AND SUNSET
APRIL 18 2015.........SUNRISE   659 AM EDT   SUNSET   830 PM EDT
APRIL 19 2015.........SUNRISE   657 AM EDT   SUNSET   831 PM EDT


-  INDICATES NEGATIVE NUMBERS.
R  INDICATES RECORD WAS SET OR TIED.
MM INDICATES DATA IS MISSING.
T  INDICATES TRACE AMOUNT.




$$
