000
CDUS41 KRNK 210536
CLIBLF


CLIMATE REPORT
NATIONAL WEATHER SERVICE BLACKSBURG VA
133 AM EDT TUE APR 21 2015


...................................

...THE BLUEFIELD WV CLIMATE SUMMARY FOR APRIL 20 2015...

CLIMATE NORMAL PERIOD 1981 TO 2010
CLIMATE RECORD PERIOD 1959 TO 2015


WEATHER ITEM   OBSERVED TIME   RECORD YEAR NORMAL DEPARTURE LAST
                VALUE   (LST)  VALUE       VALUE  FROM      YEAR
                                                  NORMAL
..................................................................
TEMPERATURE (F)
 YESTERDAY
  MAXIMUM         73    333 PM  88    1976  66      7       71
  MINIMUM         48   1159 PM  26    1983  47      1       48
  AVERAGE         61                        57      4

PRECIPITATION (IN)
  YESTERDAY        0.01          0.95 1981   0.11  -0.10     0.00
  MONTH TO DATE    4.62                      2.16   2.46     1.58
  SINCE MAR 1      9.70                      5.67   4.03     3.54
  SINCE JAN 1     13.26                     11.33   1.93     7.67

SNOWFALL (IN)
  YESTERDAY        0.0
  MONTH TO DATE    0.0
  SINCE MAR 1      3.1
  SINCE JUL 1     39.7
  SNOW DEPTH       0

DEGREE DAYS
 HEATING
  YESTERDAY        4                         9     -5
  MONTH TO DATE  125                       241   -116
  SINCE MAR 1    710                       857   -147
  SINCE JUL 1   4630                      4350    280

 COOLING
  YESTERDAY        0                         1     -1
  MONTH TO DATE   11                        18     -7
  SINCE MAR 1     11                        22    -11
  SINCE JAN 1     11                        22    -11
..................................................................


WIND (MPH)
  HIGHEST WIND SPEED    31   HIGHEST WIND DIRECTION     W (290)
  HIGHEST GUST SPEED    48   HIGHEST GUST DIRECTION     W (280)
  AVERAGE WIND SPEED    13.5


SKY COVER
  POSSIBLE SUNSHINE  MM
  AVERAGE SKY COVER 0.5


WEATHER CONDITIONS
 THE FOLLOWING WEATHER WAS RECORDED YESTERDAY.
  THUNDERSTORM
  LIGHT RAIN


RELATIVE HUMIDITY (PERCENT)
 HIGHEST    83           400 AM
 LOWEST     36           600 PM
 AVERAGE    60

..........................................................


THE BLUEFIELD WV CLIMATE NORMALS FOR TODAY
                         NORMAL    RECORD    YEAR
 MAXIMUM TEMPERATURE (F)   67        83      1985
 MINIMUM TEMPERATURE (F)   47        30      1993


SUNRISE AND SUNSET
APRIL 21 2015.........SUNRISE   643 AM EDT   SUNSET   805 PM EDT
APRIL 22 2015.........SUNRISE   641 AM EDT   SUNSET   806 PM EDT


-  INDICATES NEGATIVE NUMBERS.
R  INDICATES RECORD WAS SET OR TIED.
MM INDICATES DATA IS MISSING.
T  INDICATES TRACE AMOUNT.




$$
