000
CDUS44 KOHX 250037
CLIBNA

CLIMATE REPORT
NATIONAL WEATHER SERVICE NASHVILLE TN
736 PM CDT FRI APR 24 2015


...................................

...THE NASHVILLE CLIMATE SUMMARY FOR APRIL 24 2015...
VALID TODAY AS OF 0700 PM LOCAL TIME.

CLIMATE NORMAL PERIOD 1981 TO 2010
CLIMATE RECORD PERIOD 1871 TO 2015


WEATHER ITEM   OBSERVED TIME   RECORD YEAR NORMAL DEPARTURE
                VALUE   (LST)  VALUE       VALUE  FROM
                                                  NORMAL
...............................................................
TEMPERATURE (F)
 TODAY
  MAXIMUM         67    359 PM  90    1925  73     -6
  MINIMUM         40    453 AM  34    1986  50    -10
                                      1910
  AVERAGE         54                        62     -8

PRECIPITATION (IN)
  TODAY            T             2.82 2010   0.16  -0.16
  MONTH TO DATE    6.15                      3.07   3.08
  SINCE MAR 1     10.44                      7.18   3.26
  SINCE JAN 1     17.26                     14.87   2.39

SNOWFALL (IN)
  TODAY           MM             0.0  2002   0.0   MM
                                      2001
  MONTH TO DATE    0.0                       0.1   -0.1
  SINCE MAR 1      2.9                       1.0    1.9
  SINCE JUL 1      6.1                       6.4   -0.3
  SNOW DEPTH       0

DEGREE DAYS
 HEATING
  TODAY           11                                6
  MONTH TO DATE   86                             -106
  SINCE MAR 1    527                             -138
  SINCE JUL 1   3717                              114

 COOLING
  TODAY            0                               -2
  MONTH TO DATE   36                                8
  SINCE MAR 1     38                                2
  SINCE JAN 1     38                                2
...............................................................


WIND (MPH)
  HIGHEST WIND SPEED    13   HIGHEST WIND DIRECTION     E (110)
  HIGHEST GUST SPEED    15   HIGHEST GUST DIRECTION     E (110)
  AVERAGE WIND SPEED     3.7




RELATIVE HUMIDITY (PERCENT)
 HIGHEST    92
 LOWEST     20
 AVERAGE    56

..........................................................


THE NASHVILLE CLIMATE NORMALS FOR TOMORROW
                         NORMAL    RECORD    YEAR
 MAXIMUM TEMPERATURE (F)   73        89      1989
 MINIMUM TEMPERATURE (F)   51        32      1910


SUNRISE AND SUNSET
APRIL 24 2015.........SUNRISE   602 AM CDT   SUNSET   728 PM CDT
APRIL 25 2015.........SUNRISE   601 AM CDT   SUNSET   729 PM CDT


-  INDICATES NEGATIVE NUMBERS.
R  INDICATES RECORD WAS SET OR TIED.
MM INDICATES DATA IS MISSING.
T  INDICATES TRACE AMOUNT.




$$
