000
CDUS45 KBOI 280931
CLIBOI


CLIMATE REPORT
NATIONAL WEATHER SERVICE BOISE ID
331 AM MDT TUE APR 28 2015


...................................

...THE BOISE ID CLIMATE SUMMARY FOR APRIL 27 2015...

CLIMATE NORMAL PERIOD 1981 TO 2010
CLIMATE RECORD PERIOD 1878 TO 2015


WEATHER ITEM   OBSERVED TIME   RECORD YEAR NORMAL DEPARTURE LAST
                VALUE   (LST)  VALUE       VALUE  FROM      YEAR
                                                  NORMAL
..................................................................
TEMPERATURE (F)
 YESTERDAY
  MAXIMUM         68    548 PM  92    1987  66      2       54
  MINIMUM         35    613 AM  26    1966  41     -6       36
  AVERAGE         52                        54     -2       45

PRECIPITATION (IN)
  YESTERDAY        0.00          0.70 1990   0.04  -0.04     0.29
  MONTH TO DATE    0.60                      1.10  -0.50     2.15
  SINCE OCT 1      9.20                      8.37   0.83    10.41
  SINCE JAN 1      3.29                      4.72  -1.43     7.50

SNOWFALL (IN)
  YESTERDAY        0.0           0.2  1899   0.0    0.0      0.0
  MONTH TO DATE    T                         0.3   -0.3      0.0
  SINCE OCT 1     13.3                      19.2   -5.9     14.4
  SINCE JUL 1     13.3                      19.2   -5.9     14.4
  SNOW DEPTH       0

DEGREE DAYS
 HEATING
  YESTERDAY       13                        12      1       20
  MONTH TO DATE  394                       396     -2      383
  SINCE MAR 1    861                      1032   -171      971
  SINCE JUL 1   4456                      5191   -735     5311

 COOLING
  YESTERDAY        0                         0      0        0
  MONTH TO DATE    0                         0      0        0
  SINCE MAR 1      0                         0      0        0
  SINCE JAN 1      0                         0      0        0
..................................................................


WIND (MPH)
  HIGHEST WIND SPEED    12   HIGHEST WIND DIRECTION     W (250)
  HIGHEST GUST SPEED    18   HIGHEST GUST DIRECTION    SW (230)
  AVERAGE WIND SPEED     3.5


SKY COVER
  POSSIBLE SUNSHINE  MM
  AVERAGE SKY COVER 0.0


WEATHER CONDITIONS
 THE FOLLOWING WEATHER WAS RECORDED YESTERDAY.
  NO SIGNIFICANT WEATHER WAS OBSERVED.


RELATIVE HUMIDITY (PERCENT)
 HIGHEST    64           400 AM
 LOWEST     21           400 PM
 AVERAGE    43

..........................................................


THE BOISE ID CLIMATE NORMALS FOR TODAY
                         NORMAL    RECORD    YEAR
 MAXIMUM TEMPERATURE (F)   66        88      1987
                                             1939
                                             1890
 MINIMUM TEMPERATURE (F)   42        29      1996
                                             1984
                                             1914


SUNRISE AND SUNSET
APRIL 28 2015.........SUNRISE   642 AM MDT   SUNSET   843 PM MDT
APRIL 29 2015.........SUNRISE   641 AM MDT   SUNSET   845 PM MDT


-  INDICATES NEGATIVE NUMBERS.
R  INDICATES RECORD WAS SET OR TIED.
MM INDICATES DATA IS MISSING.
T  INDICATES TRACE AMOUNT.




$$
