000
CDUS41 KBOX 270548
CLIBOS


CLIMATE REPORT
NATIONAL WEATHER SERVICE TAUNTON MA
144 AM EDT MON APR 27 2015


...................................

...THE BOSTON MA CLIMATE SUMMARY FOR APRIL 26 2015...

CLIMATE NORMAL PERIOD 1981 TO 2010
CLIMATE RECORD PERIOD 1872 TO 2015


WEATHER ITEM   OBSERVED TIME   RECORD YEAR NORMAL DEPARTURE LAST
                VALUE   (LST)  VALUE       VALUE  FROM      YEAR
                                                  NORMAL
..................................................................
TEMPERATURE (F)
 YESTERDAY
  MAXIMUM         56    453 PM  87    2009  59     -3       47
  MINIMUM         43    456 AM  28    1919  44     -1       42
  AVERAGE         50                        52     -2       45

PRECIPITATION (IN)
  YESTERDAY        0.00          1.60 1931   0.11  -0.11     0.20
  MONTH TO DATE    2.11                      3.28  -1.17     2.74
  SINCE MAR 1      5.16                      7.60  -2.44     7.22
  SINCE JAN 1     12.10                     14.21  -2.11    14.59

SNOWFALL (IN)
  YESTERDAY        0.0           0.1  1993   0.0    0.0      0.0
  MONTH TO DATE    T                         1.9   -1.9      0.3
  SINCE MAR 1      8.6                       9.7   -1.1      2.5
  SINCE JUL 1    110.6                      43.8   66.8     58.9
  SNOW DEPTH      MM

DEGREE DAYS
 HEATING
  YESTERDAY       15                        14      1       20
  MONTH TO DATE  447                       459    -12      421
  SINCE MAR 1   1424                      1288    136     1391
  SINCE JUL 1   5739                      5330    409     5539

 COOLING
  YESTERDAY        0                         0      0        0
  MONTH TO DATE    0                         0      0        1
  SINCE MAR 1      0                         0      0        1
  SINCE JAN 1      0                         0      0        1
..................................................................


WIND (MPH)
  RESULTANT WIND SPEED   2   RESULTANT WIND DIRECTION   N (350)
  HIGHEST WIND SPEED    14   HIGHEST WIND DIRECTION    NW (330)
  HIGHEST GUST SPEED    20   HIGHEST GUST DIRECTION    NW (330)
  AVERAGE WIND SPEED     6.4


SKY COVER
  POSSIBLE SUNSHINE  MM
  AVERAGE SKY COVER 0.8


WEATHER CONDITIONS
 THE FOLLOWING WEATHER WAS RECORDED YESTERDAY.
  NO SIGNIFICANT WEATHER WAS OBSERVED.


RELATIVE HUMIDITY (PERCENT)
 HIGHEST    71           100 PM
 LOWEST     35           500 PM
 AVERAGE    53

..........................................................


THE BOSTON MA CLIMATE NORMALS FOR TODAY
                         NORMAL    RECORD    YEAR
 MAXIMUM TEMPERATURE (F)   60        92      1990
 MINIMUM TEMPERATURE (F)   44        33      1993
                                             1909
                                             1882


SUNRISE AND SUNSET
APRIL 27 2015.........SUNRISE   545 AM EDT   SUNSET   739 PM EDT
APRIL 28 2015.........SUNRISE   544 AM EDT   SUNSET   740 PM EDT


-  INDICATES NEGATIVE NUMBERS.
R  INDICATES RECORD WAS SET OR TIED.
MM INDICATES DATA IS MISSING.
T  INDICATES TRACE AMOUNT.




$$
