000
CDUS44 KLIX 030705
CLIBTR


CLIMATE REPORT
NATIONAL WEATHER SERVICE NEW ORLEANS
205 AM CDT SUN MAY 3 2015


...................................

...THE BATON ROUGE  ASOS CLIMATE SUMMARY FOR MAY 2 2015...

CLIMATE NORMAL PERIOD 1981 TO 2010
CLIMATE RECORD PERIOD 1894 TO 2015


WEATHER ITEM   OBSERVED TIME   RECORD YEAR NORMAL DEPARTURE LAST
                VALUE   (LST)  VALUE       VALUE  FROM      YEAR
                                                  NORMAL
..................................................................
TEMPERATURE (F)
 YESTERDAY
  MAXIMUM         84    243 PM  90    2011  83      1       79
                                      2002
                                      1946
  MINIMUM         56    548 AM  41    1909  62     -6       57
  AVERAGE         70                        72     -2       68

PRECIPITATION (IN)
  YESTERDAY        0.00          4.55 1954   0.14  -0.14     0.00
  MONTH TO DATE    0.00                      0.28  -0.28      T
  SINCE MAR 1     11.46                      9.15   2.31     6.75
  SINCE JAN 1     21.21                     19.91   1.30    16.02

SNOWFALL (IN)
  YESTERDAY        0.0
  MONTH TO DATE    0.0
  SINCE MAR 1      T
  SINCE JUL 1      T
  SNOW DEPTH       0

DEGREE DAYS
 HEATING
  YESTERDAY        0                         0      0        0
  MONTH TO DATE    0                         0      0        3
  SINCE MAR 1     99                       218   -119      275
  SINCE JUL 1   1641                      1553     88     1981

 COOLING
  YESTERDAY        5                         8     -3        3
  MONTH TO DATE   11                        15     -4        3
  SINCE MAR 1    318                       215    103      196
  SINCE JAN 1    322                       246     76      216
..................................................................


WIND (MPH)
  HIGHEST WIND SPEED     8   HIGHEST WIND DIRECTION     E (70)
  HIGHEST GUST SPEED    24   HIGHEST GUST DIRECTION    NW (330)
  AVERAGE WIND SPEED     3.0


SKY COVER
  POSSIBLE SUNSHINE  MM
  AVERAGE SKY COVER 0.2


WEATHER CONDITIONS
 THE FOLLOWING WEATHER WAS RECORDED YESTERDAY.
  HAZE


RELATIVE HUMIDITY (PERCENT)
 HIGHEST    86           300 AM
 LOWEST     34           100 PM
 AVERAGE    60

..........................................................


THE BATON ROUGE  ASOS CLIMATE NORMALS FOR TODAY
                         NORMAL    RECORD    YEAR
 MAXIMUM TEMPERATURE (F)   83        92      1943
 MINIMUM TEMPERATURE (F)   62        44      2013


SUNRISE AND SUNSET
MAY  3 2015...........SUNRISE   619 AM CDT   SUNSET   744 PM CDT
MAY  4 2015...........SUNRISE   619 AM CDT   SUNSET   745 PM CDT


-  INDICATES NEGATIVE NUMBERS.
R  INDICATES RECORD WAS SET OR TIED.
MM INDICATES DATA IS MISSING.
T  INDICATES TRACE AMOUNT.




$$
