000
CDUS45 KRIW 180736
CLIBYG


CLIMATE REPORT
NATIONAL WEATHER SERVICE RIVERTON WY
136 AM MDT SAT APR 18 2015


...................................

...THE BUFFALO WY CLIMATE SUMMARY FOR APRIL 17 2015...

CLIMATE NORMAL PERIOD 1981 TO 2010
CLIMATE RECORD PERIOD 1998 TO 2015


WEATHER ITEM   OBSERVED TIME   RECORD YEAR NORMAL DEPARTURE LAST
                VALUE   (LST)  VALUE       VALUE  FROM      YEAR
                                                  NORMAL
..................................................................
TEMPERATURE (F)
 YESTERDAY
  MAXIMUM         61    159 PM  78    2005  54      7       60
  MINIMUM         32    450 AM  16    2013  33     -1       27
  AVERAGE         47                        44      3       44

PRECIPITATION (IN)
  YESTERDAY        0.00          0.25 2011   0.04  -0.04     0.00
  MONTH TO DATE    0.15                      0.54  -0.39     0.59
  SINCE MAR 1      0.23                      1.46  -1.23     1.20
  SINCE JAN 1      0.87                      2.23  -1.36     1.56

DEGREE DAYS
 HEATING
  YESTERDAY       18                        21     -3       21
  MONTH TO DATE  364                       406    -42      435
  SINCE MAR 1   1037                      1356   -319     1431
  SINCE JUL 1   5733                      6596   -863     6675

 COOLING
  YESTERDAY        0                         0      0        0
  MONTH TO DATE    0                         0      0        0
  SINCE MAR 1      0                         0      0        0
  SINCE JAN 1      0                         0      0        0
..................................................................


WIND (MPH)
  HIGHEST WIND SPEED    17   HIGHEST WIND DIRECTION     S (180)
  HIGHEST GUST SPEED    21   HIGHEST GUST DIRECTION     S (190)
  AVERAGE WIND SPEED     6.4


SKY COVER
  POSSIBLE SUNSHINE  MM
  AVERAGE SKY COVER 0.0


WEATHER CONDITIONS
 THE FOLLOWING WEATHER WAS RECORDED YESTERDAY.
  NO SIGNIFICANT WEATHER WAS OBSERVED.


RELATIVE HUMIDITY (PERCENT)
 HIGHEST    76          1100 PM
 LOWEST     29           500 PM
 AVERAGE    53

..........................................................


THE BUFFALO WY CLIMATE NORMALS FOR TODAY
                         NORMAL    RECORD    YEAR
 MAXIMUM TEMPERATURE (F)   55        77      2001
 MINIMUM TEMPERATURE (F)   33        10      2013


SUNRISE AND SUNSET
APRIL 18 2015.........SUNRISE   618 AM MDT   SUNSET   755 PM MDT
APRIL 19 2015.........SUNRISE   617 AM MDT   SUNSET   756 PM MDT


-  INDICATES NEGATIVE NUMBERS.
R  INDICATES RECORD WAS SET OR TIED.
MM INDICATES DATA IS MISSING.
T  INDICATES TRACE AMOUNT.




$$
