000
CDUS45 KPIH 062328
CLIBYI


CLIMATE REPORT
NATIONAL WEATHER SERVICE POCATELLO ID
523 PM MDT WED MAY 6 2015


...................................

...THE BURLEY ID CLIMATE SUMMARY FOR MAY 6 2015...
VALID TODAY AS OF 0500 PM LOCAL TIME.

CLIMATE NORMAL PERIOD 1981 TO 2010
CLIMATE RECORD PERIOD 1948 TO 2015


WEATHER ITEM   OBSERVED TIME   RECORD YEAR NORMAL DEPARTURE LAST
                VALUE   (LST)  VALUE       VALUE  FROM      YEAR
                                                  NORMAL
..................................................................
TEMPERATURE (F)
 TODAY
  MAXIMUM         59    117 PM  89    1992  64     -5       48
  MINIMUM         43    556 AM  22    1964  39      4       34
  AVERAGE         51                        51      0       41

PRECIPITATION (IN)
  TODAY            T             1.03 2014   0.05  -0.05     1.03
  MONTH TO DATE    T                         0.30  -0.30     1.03
  SINCE OCT 1      3.57                      6.93  -3.36     6.20
  SINCE JAN 1      1.52                      4.10  -2.58     5.59

SNOWFALL (IN)
  TODAY           MM
  MONTH TO DATE   MM
  SINCE MAR 1     MM
  SINCE JUL 1     MM
  SNOW DEPTH      MM

DEGREE DAYS
 HEATING
  TODAY           14                        14      0       24
  MONTH TO DATE   49                        87    -38       58
  SINCE MAR 1   1172                      1453   -281     1302
  SINCE JUL 1   5149                      6475  -1326     5997

 COOLING
  TODAY            0                         0      0        0
  MONTH TO DATE    0                         0      0        0
  SINCE MAR 1      0                         0      0        0
  SINCE JAN 1      0                         0      0        0
..................................................................


WIND (MPH)
  HIGHEST WIND SPEED    17   HIGHEST WIND DIRECTION     W (260)
  HIGHEST GUST SPEED    23   HIGHEST GUST DIRECTION     W (270)
  AVERAGE WIND SPEED    10.2


SKY COVER
  POSSIBLE SUNSHINE  MM
  AVERAGE SKY COVER 0.5


WEATHER CONDITIONS
 THE FOLLOWING WEATHER WAS RECORDED TODAY.
  LIGHT RAIN


RELATIVE HUMIDITY (PERCENT)
 HIGHEST    53           600 AM
 LOWEST     36           200 AM
 AVERAGE    45

..........................................................


THE BURLEY ID CLIMATE NORMALS FOR TOMORROW
                         NORMAL    RECORD    YEAR
 MAXIMUM TEMPERATURE (F)   65        90      1992
 MINIMUM TEMPERATURE (F)   39        21      2010


SUNRISE AND SUNSET
MAY  6 2015...........SUNRISE   624 AM MDT   SUNSET   840 PM MDT
MAY  7 2015...........SUNRISE   622 AM MDT   SUNSET   842 PM MDT


-  INDICATES NEGATIVE NUMBERS.
R  INDICATES RECORD WAS SET OR TIED.
MM INDICATES DATA IS MISSING.
T  INDICATES TRACE AMOUNT.




$$
