000
CDUS45 KTFX 260801
CLIBZN


CLIMATE REPORT
NATIONAL WEATHER SERVICE GREAT FALLS MT
200 AM MDT SUN APR 26 2015


...................................

...THE BOZEMAN/GALLATIN FIELD MT CLIMATE SUMMARY FOR APRIL 25 2015...

CLIMATE NORMAL PERIOD 1981 TO 2010
CLIMATE RECORD PERIOD 1935 TO 2015


WEATHER ITEM   OBSERVED TIME   RECORD YEAR NORMAL DEPARTURE LAST
                VALUE   (LST)  VALUE       VALUE  FROM      YEAR
                                                  NORMAL
..................................................................
TEMPERATURE (F)
 YESTERDAY
  MAXIMUM         50    612 PM  83    1946  62    -12       61
  MINIMUM         33    614 AM  16    2002  33      0       31
  AVERAGE         42                        48     -6       46

PRECIPITATION (IN)
  YESTERDAY        0.21          0.59 1973   0.06   0.15     0.01
  MONTH TO DATE    1.56                      1.29   0.27     0.47
  SINCE OCT 1      4.33                      5.52  -1.19     3.96
  SINCE JAN 1      2.40                      3.14  -0.74     2.91

SNOWFALL (IN)
  YESTERDAY        T             2.2  1988   0.2   -0.2      0.0
  MONTH TO DATE    5.0                       6.7   -1.7      0.3
  SINCE MAR 1      7.0                      14.4   -7.4      4.8
  SINCE JUL 1     37.4                      36.7    0.7     29.8
  SNOW DEPTH       0

DEGREE DAYS
 HEATING
  YESTERDAY       23                        17      6       19
  MONTH TO DATE  602                       515     87      555
  SINCE MAR 1   1358                      1399    -41     1526
  SINCE JUL 1   6940                      6979    -39     7541

 COOLING
  YESTERDAY        0                         0      0        0
  MONTH TO DATE    0                         0      0        0
  SINCE MAR 1      0                         0      0        0
  SINCE JAN 1      0                         0      0        0
..................................................................


WIND (MPH)
  HIGHEST WIND SPEED    13   HIGHEST WIND DIRECTION     N (340)
  HIGHEST GUST SPEED    15   HIGHEST GUST DIRECTION     N (340)
  AVERAGE WIND SPEED     4.5


SKY COVER
  AVERAGE SKY COVER 0.8


WEATHER CONDITIONS
 THE FOLLOWING WEATHER WAS RECORDED YESTERDAY.
  MIXED PRECIP
  LIGHT RAIN
  LIGHT SNOW
  FOG


RELATIVE HUMIDITY (PERCENT)
 HIGHEST    96
 LOWEST     42
 AVERAGE    69

..........................................................


THE BOZEMAN/GALLATIN FIELD MT CLIMATE NORMALS FOR TODAY
                         NORMAL    RECORD    YEAR
 MAXIMUM TEMPERATURE (F)   62        81      1946
 MINIMUM TEMPERATURE (F)   33        21      1998


SUNRISE AND SUNSET
APRIL 26 2015.........SUNRISE   620 AM MDT   SUNSET   825 PM MDT
APRIL 27 2015.........SUNRISE   619 AM MDT   SUNSET   827 PM MDT


-  INDICATES NEGATIVE NUMBERS.
R  INDICATES RECORD WAS SET OR TIED.
MM INDICATES DATA IS MISSING.
T  INDICATES TRACE AMOUNT.




$$
