000
CDUS45 KABQ 050836
CLICAO


CLIMATE REPORT
NATIONAL WEATHER SERVICE ALBUQUERQUE NM
234 AM MDT TUE MAY 5 2015


...................................

...THE CLAYTON  NM CLIMATE SUMMARY FOR MAY 4 2015...

CLIMATE NORMAL PERIOD 1981 TO 2010
CLIMATE RECORD PERIOD 1896 TO 2015


WEATHER ITEM   OBSERVED TIME   RECORD YEAR NORMAL DEPARTURE
                VALUE   (LST)  VALUE       VALUE  FROM
                                                  NORMAL
...............................................................
TEMPERATURE (F)
 YESTERDAY
  MAXIMUM         73   1229 PM  90    2014  72      1
                                      2012
  MINIMUM         52    544 AM  26    1899  44      8
  AVERAGE         63                        58      5

PRECIPITATION (IN)
  YESTERDAY        0.15          1.21 2001   0.05   0.10
  MONTH TO DATE    0.53                      0.17   0.36
  SINCE MAR 1      2.23                      2.06   0.17
  SINCE JAN 1      5.25                      2.68   2.57

SNOWFALL (IN)
  YESTERDAY        0.0
  MONTH TO DATE    0.0
  SINCE MAR 1      0.9
  SINCE JUL 1     26.1

DEGREE DAYS
 HEATING
  YESTERDAY        2                         8     -6
  MONTH TO DATE    6                        32    -26
  SINCE MAR 1    825                      1061   -236
  SINCE JUL 1   4268                      4738   -470

 COOLING
  YESTERDAY        0                         1     -1
  MONTH TO DATE    3                         3      0
  SINCE MAR 1      3                         9     -6
  SINCE JAN 1      3                         9     -6
...............................................................


WIND (MPH)
  HIGHEST WIND SPEED    40   HIGHEST WIND DIRECTION    SE (130)
  HIGHEST GUST SPEED    48   HIGHEST GUST DIRECTION    SE (130)
  AVERAGE WIND SPEED     8.1


SKY COVER
  AVERAGE SKY COVER 0.5


WEATHER CONDITIONS
 THE FOLLOWING WEATHER WAS RECORDED YESTERDAY.
  THUNDERSTORM
  RAIN
  LIGHT RAIN
  FOG


RELATIVE HUMIDITY (PERCENT)
 HIGHEST    93          1000 PM
 LOWEST     45          1000 AM
 AVERAGE    69

..........................................................


THE CLAYTON  NM CLIMATE NORMALS FOR TODAY
                         NORMAL    RECORD    YEAR
 MAXIMUM TEMPERATURE (F)   73        93      1934
 MINIMUM TEMPERATURE (F)   44        27      1917


SUNRISE AND SUNSET
MAY  5 2015...........SUNRISE   555 AM MDT   SUNSET   744 PM MDT
MAY  6 2015...........SUNRISE   554 AM MDT   SUNSET   745 PM MDT


-  INDICATES NEGATIVE NUMBERS.
R  INDICATES RECORD WAS SET OR TIED.
MM INDICATES DATA IS MISSING.
T  INDICATES TRACE AMOUNT.




$$
