000
CDUS45 KABQ 010834
CLICAO


CLIMATE REPORT
NATIONAL WEATHER SERVICE ALBUQUERQUE NM
234 AM MDT WED APR 1 2015


...................................

...THE CLAYTON  NM CLIMATE SUMMARY FOR MARCH 31 2015...

CLIMATE NORMAL PERIOD 1981 TO 2010
CLIMATE RECORD PERIOD 1896 TO 2015


WEATHER ITEM   OBSERVED TIME   RECORD YEAR NORMAL DEPARTURE
                VALUE   (LST)  VALUE       VALUE  FROM
                                                  NORMAL
...............................................................
TEMPERATURE (F)
 YESTERDAY
  MAXIMUM         78    326 PM  85    1946  63     15
  MINIMUM         44   1247 AM  12    1926  33     11
  AVERAGE         61                        48     13

PRECIPITATION (IN)
  YESTERDAY        0.00          0.60 1909   0.03  -0.03
  MONTH TO DATE    0.41                      0.95  -0.54
  SINCE MAR 1      0.41                      0.95  -0.54
  SINCE JAN 1      3.43                      1.57   1.86

SNOWFALL (IN)
  YESTERDAY        0.0
  MONTH TO DATE    0.9
  SINCE MAR 1      0.9
  SINCE JUL 1     26.1

DEGREE DAYS
 HEATING
  YESTERDAY        4                        17    -13
  MONTH TO DATE  507                       644   -137
  SINCE MAR 1    507                       644   -137
  SINCE JUL 1   3950                      4321   -371

 COOLING
  YESTERDAY        0                         0      0
  MONTH TO DATE    0                         1     -1
  SINCE MAR 1      0                         1     -1
  SINCE JAN 1      0                         1     -1
...............................................................


WIND (MPH)
  HIGHEST WIND SPEED    14   HIGHEST WIND DIRECTION    SE (140)
  HIGHEST GUST SPEED    18   HIGHEST GUST DIRECTION     S (160)
  AVERAGE WIND SPEED     7.5


SKY COVER
  AVERAGE SKY COVER 0.0


WEATHER CONDITIONS
 THE FOLLOWING WEATHER WAS RECORDED YESTERDAY.
  NO SIGNIFICANT WEATHER WAS OBSERVED.


RELATIVE HUMIDITY (PERCENT)
 HIGHEST    42           100 AM
 LOWEST     12           300 PM
 AVERAGE    27

..........................................................


THE CLAYTON  NM CLIMATE NORMALS FOR TODAY
                         NORMAL    RECORD    YEAR
 MAXIMUM TEMPERATURE (F)   63        86      2012
 MINIMUM TEMPERATURE (F)   34         8      1936


SUNRISE AND SUNSET
APRIL  1 2015.........SUNRISE   639 AM MDT   SUNSET   715 PM MDT
APRIL  2 2015.........SUNRISE   638 AM MDT   SUNSET   715 PM MDT


-  INDICATES NEGATIVE NUMBERS.
R  INDICATES RECORD WAS SET OR TIED.
MM INDICATES DATA IS MISSING.
T  INDICATES TRACE AMOUNT.




$$
