000
CDAK48 PACD 031112
CLICDB

CLIMATE REPORT
NATIONAL WEATHER SERVICE COLD BAY, AK
312 AM AKDT SUN MAY 3 2015

...................................
...THE COLD BAY AP CLIMATE SUMMARY FOR MAY 2 2015...

CLIMATE NORMAL PERIOD  1981 TO  2010
CLIMATE RECORD PERIOD  1942 TO  2015

WEATHER ITEM   OBSERVED TIME    RECORD YEAR NORMAL DEPARTURE LAST
               VALUE    (LST)   VALUE       VALUE  FROM      YEAR
                                                   NORMAL
...................................................................
TEMPERATURE
YESTERDAY
 MAXIMUM            45  0449 PM    60  2009     43       2     51
 MINIMUM            32  1143 PM    20  2010     32       0     30
 AVERAGE            39                          38       1     41

PRECIPITATION
(INCHES)
 YESTERDAY           T           0.51  1986   0.08   -0.08   0.00
 MONTH TO DATE    0.08                        0.15   -0.07      T
 SINCE MAR 1      5.19                        5.27   -0.08   3.26
 SINCE JAN 1      7.70                       11.41   -3.71  11.71

SNOWFALL
(INCHES)
 YESTERDAY         0.0            3.0  1986    0.1    -0.1    0.0
 MONTH TO DATE     0.0                         0.2    -0.2    0.0
 SINCE MAR 1      13.6                        19.8    -6.2    8.2
 SINCE JUL 1      22.3                        72.0   -49.7   37.3
 SNOW DEPTH (IN)     0                                          0

DEGREE DAYS
 HEATING
  YESTERDAY         26                          27      -1     24
  MONTH TO DATE     53                          55      -2     47
  SINCE MAR 1     1901                        2064    -163   1784
  SINCE JUL 1     7274                        8288   -1014   6928

 COOLING
  YESTERDAY          0                           0       0      0
  MONTH TO DATE      0                           0       0      0
  SINCE MAR 1        0                           0       0      0
  SINCE JAN 1        0                           0       0      0
...................................................................

WIND (MPH)
 HIGHEST WIND SPEED    22     HIGHEST WIND DIRECTION    350
 HIGHEST GUST SPEED    26     HIGHEST GUST DIRECTION    340
 AVERAGE WIND SPEED  14.8


WEATHER CONDITIONS
 THE FOLLOWING WEATHER WAS RECORDED YESTERDAY.
  RAIN

...................................................................

THE COLD BAY CLIMATE NORMALS FOR TODAY
                           NORMAL    RECORD   YEAR
 MAXIMUM TEMPERATURE (F)     43        51     2014
 MINIMUM TEMPERATURE (F)     33        23     2010

SUNRISE AND SUNSET
 MAY 3 2015..........SUNRISE  7:06 AM      SUNSET 10:32 PM
 MAY 4 2015..........SUNRISE  7:04 AM      SUNSET 10:34 PM

-  INDICATES NEGATIVE NUMBERS.
R  INDICATES RECORD HAS BEEN SET OR TIED.
MM INDICATES DATA IS MISSING.
T  INDICATES TRACE OF PRECIPITATION.

&&
-------------------------------------------------------------------

AMOUNT OF DAYLIGHT TODAY  (HOUR:MIN)........15 HOURS 26 MINUTES
GAIN SINCE YESTERDAY (HOUR:MIN:SEC).........+0:04:04

$$

RCS MAY 15
