000
CDUS45 KCYS 210733
CLICDR


CLIMATE REPORT
NATIONAL WEATHER SERVICE CHEYENNE WY
132 AM MDT TUE APR 21 2015


...................................

...THE CHADRON NE AIRPORT CLIMATE SUMMARY FOR APRIL 20 2015...

CLIMATE NORMAL PERIOD 1981 TO 2010
CLIMATE RECORD PERIOD 1895 TO 2015


WEATHER ITEM   OBSERVED TIME   RECORD YEAR NORMAL DEPARTURE LAST
                VALUE   (LST)  VALUE       VALUE  FROM      YEAR
                                                  NORMAL
..................................................................
TEMPERATURE (F)
 YESTERDAY
  MAXIMUM         57    306 PM  93    1989  62     -5       79
  MINIMUM         25   1159 PM   2    1966  31     -6       40
  AVERAGE         41                        46     -5       60

PRECIPITATION (IN)
  YESTERDAY        0.00          1.56 1964   0.07  -0.07     0.00
  MONTH TO DATE    1.10                      1.17  -0.07     1.01
  SINCE JAN 1      2.29                      3.37  -1.08     2.59

DEGREE DAYS
 HEATING
  YESTERDAY       24                        19      5        5
  MONTH TO DATE  404                       438    -34      403
  SINCE MAR 1   1081                      1343   -262     1301
  SINCE JUL 1   6026                      6595   -569     6775

 COOLING
  YESTERDAY        0                         0      0        0
  MONTH TO DATE    0                         0      0        0
  SINCE MAR 1      0                         0      0        0
  SINCE JAN 1      0                         0      0        0
..................................................................


WIND (MPH)
  HIGHEST WIND SPEED    29   HIGHEST WIND DIRECTION    NW (310)
  HIGHEST GUST SPEED    39   HIGHEST GUST DIRECTION     W (290)
  AVERAGE WIND SPEED    12.0


SKY COVER
  AVERAGE SKY COVER 0.3


WEATHER CONDITIONS
 THE FOLLOWING WEATHER WAS RECORDED YESTERDAY.
  NO SIGNIFICANT WEATHER WAS OBSERVED.


RELATIVE HUMIDITY (PERCENT)
 HIGHEST    78           300 AM
 LOWEST     26           400 PM
 AVERAGE    52

..........................................................


THE CHADRON NE AIRPORT CLIMATE NORMALS FOR TODAY
                         NORMAL    RECORD    YEAR
 MAXIMUM TEMPERATURE (F)   62        92      1989
                                             1980
 MINIMUM TEMPERATURE (F)   31        13      1927


SUNRISE AND SUNSET
APRIL 21 2015.........SUNRISE   602 AM MDT   SUNSET   741 PM MDT
APRIL 22 2015.........SUNRISE   600 AM MDT   SUNSET   743 PM MDT


-  INDICATES NEGATIVE NUMBERS.
R  INDICATES RECORD WAS SET OR TIED.
MM INDICATES DATA IS MISSING.
T  INDICATES TRACE AMOUNT.




$$
