000
CDUS43 KPAH 040628
CLICGI


CLIMATE REPORT
NATIONAL WEATHER SERVICE PADUCAH KY
127 AM CDT MON MAY 4 2015

...................................

...THE CAPE GIRARDEAU MO CLIMATE SUMMARY FOR MAY 3 2015...

CLIMATE NORMAL PERIOD 1981 TO 2010
CLIMATE RECORD PERIOD 1960 TO 2015

WEATHER ITEM   OBSERVED TIME   RECORD YEAR NORMAL DEPARTURE LAST
                VALUE   (LST)  VALUE       VALUE  FROM      YEAR
                                                  NORMAL
..................................................................
TEMPERATURE (F)
 YESTERDAY
  MAXIMUM         82    356 PM  85    1965  74      8       79
  MINIMUM         52    501 AM  34    1976  52      0       44
  AVERAGE         67                        63      4

PRECIPITATION (IN)
  YESTERDAY        0.00          1.93 1979   0.20  -0.20     0.00
  MONTH TO DATE    0.00                      0.58  -0.58     0.00
  SINCE MAR 1     12.96                      9.34   3.62    10.32
  SINCE JAN 1     19.48                     16.22   3.26    13.46

DEGREE DAYS
 HEATING
  YESTERDAY        0                         4     -4        3
  MONTH TO DATE   17                        12      5       28
  SINCE MAR 1    794                       833    -39      966
  SINCE JUL 1   4572                      4330    242     4891

 COOLING
  YESTERDAY        2                         2      0        0
  MONTH TO DATE    2                         6     -4        0
  SINCE MAR 1     30                        37     -7       11
  SINCE JAN 1     30                        37     -7       11
..................................................................

WIND (MPH)
  HIGHEST WIND SPEED    21   HIGHEST WIND DIRECTION    SW (210)
  HIGHEST GUST SPEED    27   HIGHEST GUST DIRECTION    SW (210)
  AVERAGE WIND SPEED     8.8

SKY COVER
  AVERAGE SKY COVER 0.1

WEATHER CONDITIONS
 THE FOLLOWING WEATHER WAS RECORDED YESTERDAY.
  NO SIGNIFICANT WEATHER WAS OBSERVED.

RELATIVE HUMIDITY (PERCENT)
 HIGHEST    83
 LOWEST     28
 AVERAGE    56
..........................................................

THE CAPE GIRARDEAU MO CLIMATE NORMALS FOR TODAY
                         NORMAL    RECORD    YEAR
 MAXIMUM TEMPERATURE (F)   74        89      2012
 MINIMUM TEMPERATURE (F)   52        34      1976

SUNRISE AND SUNSET
MAY  4 2015...........SUNRISE   601 AM CDT   SUNSET   750 PM CDT
MAY  5 2015...........SUNRISE   559 AM CDT   SUNSET   751 PM CDT

-  INDICATES NEGATIVE NUMBERS.
R  INDICATES RECORD WAS SET OR TIED.
MM INDICATES DATA IS MISSING.
T  INDICATES TRACE AMOUNT.

$$
