000
CDUS43 KDVN 190923
CLICID


CLIMATE REPORT
NATIONAL WEATHER SERVICE QUAD CITIES IA IL
423 AM CDT SUN APR 19 2015


...................................

...THE CEDAR RAPIDS IA CLIMATE SUMMARY FOR APRIL 18 2015...

CLIMATE NORMAL PERIOD 1981 TO 2010
CLIMATE RECORD PERIOD 1891 TO 2015


WEATHER ITEM   OBSERVED TIME   RECORD YEAR NORMAL DEPARTURE LAST
                VALUE   (LST)  VALUE       VALUE  FROM      YEAR
                                                  NORMAL
..................................................................
TEMPERATURE (F)
 YESTERDAY
  MAXIMUM         79    157 PM  90    1994  62     17       62
  MINIMUM         50    416 AM  20    1983  39     11       26
  AVERAGE         65                        50     15       44

PRECIPITATION (IN)
  YESTERDAY        0.52         MM      MM   0.11   0.41     0.00
  MONTH TO DATE    1.26                      1.68  -0.42     4.06
  SINCE MAR 1      1.78                      3.78  -2.00     4.45
  SINCE JAN 1      3.11                      5.92  -2.81     6.20

DEGREE DAYS
 HEATING
  YESTERDAY        0                        15    -15       21
  MONTH TO DATE  225                       329   -104      367
  SINCE MAR 1   1096                      1210   -114     1437
  SINCE JUL 1   6623                      6493    130     7476

 COOLING
  YESTERDAY        0                         0      0        0
  MONTH TO DATE    0                         0      0        4
  SINCE MAR 1      0                         0      0        4
  SINCE JAN 1      0                         0      0        4
..................................................................


WIND (MPH)
  HIGHEST WIND SPEED    23   HIGHEST WIND DIRECTION     E (110)
  HIGHEST GUST SPEED    30   HIGHEST GUST DIRECTION     E (110)
  AVERAGE WIND SPEED     9.3


SKY COVER
  POSSIBLE SUNSHINE  MM
  AVERAGE SKY COVER 0.3


WEATHER CONDITIONS
 THE FOLLOWING WEATHER WAS RECORDED YESTERDAY.
  THUNDERSTORM
  HEAVY RAIN
  RAIN
  LIGHT RAIN
  FOG
  HAZE


RELATIVE HUMIDITY (PERCENT)
 HIGHEST    93           900 PM
 LOWEST     42           200 PM
 AVERAGE    68

..........................................................


THE CEDAR RAPIDS IA CLIMATE NORMALS FOR TODAY
                         NORMAL    RECORD    YEAR
 MAXIMUM TEMPERATURE (F)   62        86      1915
 MINIMUM TEMPERATURE (F)   39        20      1988


SUNRISE AND SUNSET
APRIL 19 2015.........SUNRISE   621 AM CDT   SUNSET   752 PM CDT
APRIL 20 2015.........SUNRISE   619 AM CDT   SUNSET   753 PM CDT


-  INDICATES NEGATIVE NUMBERS.
R  INDICATES RECORD WAS SET OR TIED.
MM INDICATES DATA IS MISSING.
T  INDICATES TRACE AMOUNT.




$$
