000
CDUS44 KHGX 011316
CLICLL


CLIMATE REPORT
NATIONAL WEATHER SERVICE HOUSTON/GALVESTON TX
813 AM CDT WED APR 1 2015


...................................

...THE COLLEGE STATION CLIMATE SUMMARY FOR MARCH 31 2015...

CLIMATE NORMAL PERIOD 1981 TO 2010
CLIMATE RECORD PERIOD 1902 TO 2015


WEATHER ITEM   OBSERVED TIME   RECORD YEAR NORMAL DEPARTURE LAST
                VALUE   (LST)  VALUE       VALUE  FROM      YEAR
                                                  NORMAL
..................................................................
TEMPERATURE (F)
 YESTERDAY
  MAXIMUM         80    431 PM  94    1946  76      4       80
  MINIMUM         64    538 AM  29    1937  54     10       54
  AVERAGE         72                        65      7       67

PRECIPITATION (IN)
  YESTERDAY        0.00          1.25 1925   0.10  -0.10     0.00
  MONTH TO DATE    5.83                      3.17   2.66     1.61
  SINCE MAR 1      5.83                      3.17   2.66     1.61
  SINCE JAN 1     13.24                      9.26   3.98     3.79

SNOWFALL (IN)
  YESTERDAY        0.0
  MONTH TO DATE    T
  SINCE JUL 1      T

DEGREE DAYS
 HEATING
  YESTERDAY        0                         3     -3        0
  MONTH TO DATE  211                       171     40      269
  SINCE MAR 1    211                       172     39      269
  SINCE JUL 1   1752                      1559    193     1993

 COOLING
  YESTERDAY        7                         3      4        2
  MONTH TO DATE   46                        59    -13       23
  SINCE MAR 1     46                        59    -13       23
  SINCE JAN 1     47                        87    -40       44
..................................................................


WIND (MPH)
  HIGHEST WIND SPEED    18   HIGHEST WIND DIRECTION     S (170)
  HIGHEST GUST SPEED    24   HIGHEST GUST DIRECTION    SW (210)
  AVERAGE WIND SPEED    11.1


SKY COVER
  AVERAGE SKY COVER 0.4


WEATHER CONDITIONS
 THE FOLLOWING WEATHER WAS RECORDED YESTERDAY.
  NO SIGNIFICANT WEATHER WAS OBSERVED.


RELATIVE HUMIDITY (PERCENT)
 HIGHEST    93           100 AM
 LOWEST     52           100 PM
 AVERAGE    73

..........................................................


THE COLLEGE STATION CLIMATE NORMALS FOR TODAY
                         NORMAL    RECORD    YEAR
 MAXIMUM TEMPERATURE (F)   76        93      1936
 MINIMUM TEMPERATURE (F)   54        37      1961
                                             1915


SUNRISE AND SUNSET
APRIL  1 2015.........SUNRISE   715 AM CDT   SUNSET   744 PM CDT
APRIL  2 2015.........SUNRISE   714 AM CDT   SUNSET   745 PM CDT


-  INDICATES NEGATIVE NUMBERS.
R  INDICATES RECORD WAS SET OR TIED.
MM INDICATES DATA IS MISSING.
T  INDICATES TRACE AMOUNT.




$$
