000
CDUS42 KGSP 030633
CLICLT

CLIMATE REPORT
NATIONAL WEATHER SERVICE GREENVILLE-SPARTANBURG SC
231 AM EDT SUN MAY 3 2015


...................................

...THE CHARLOTTE NC CLIMATE SUMMARY FOR MAY 2 2015...

CLIMATE NORMAL PERIOD 1981 TO 2010
CLIMATE RECORD PERIOD 1878 TO 2015


WEATHER ITEM   OBSERVED TIME   RECORD YEAR NORMAL DEPARTURE LAST
                VALUE   (LST)  VALUE       VALUE  FROM      YEAR
                                                  NORMAL
..................................................................
TEMPERATURE (F)
 YESTERDAY
  MAXIMUM         76    505 PM  91    1959  76      0       69
  MINIMUM         45    226 AM  32    1963  52     -7       47
  AVERAGE         61                        64     -3       58

PRECIPITATION (IN)
  YESTERDAY        0.00          1.36 2004   0.10  -0.10     0.00
  MONTH TO DATE    0.00                      0.19  -0.19     0.00
  SINCE MAR 1      8.33                      7.24   1.09    11.82
  SINCE JAN 1     14.15                     13.97   0.18    18.74

SNOWFALL (IN)
  YESTERDAY        0.0           0.0    MM   0.0    0.0      0.0
  MONTH TO DATE    0.0                       0.0    0.0      0.0
  SINCE MAR 1      0.0                       0.6   -0.6       T
  SINCE JUL 1      3.1                       4.3   -1.2      9.3
  SNOW DEPTH       0

DEGREE DAYS
 HEATING
  YESTERDAY        4                         3      1        7
  MONTH TO DATE   12                         7      5        7
  SINCE MAR 1    480                       640   -160      693
  SINCE JUL 1   3251                      3339    -88     3369

 COOLING
  YESTERDAY        0                         2     -2        0
  MONTH TO DATE    0                         4     -4        1
  SINCE MAR 1     63                        41     22       39
  SINCE JAN 1     63                        41     22       40
..................................................................


WIND (MPH)
  HIGHEST WIND SPEED    17   HIGHEST WIND DIRECTION     N (20)
  HIGHEST GUST SPEED    21   HIGHEST GUST DIRECTION    NE (30)
  AVERAGE WIND SPEED     5.5


SKY COVER
  POSSIBLE SUNSHINE  MM
  AVERAGE SKY COVER 0.3


WEATHER CONDITIONS
 THE FOLLOWING WEATHER WAS RECORDED YESTERDAY.
  NO SIGNIFICANT WEATHER WAS OBSERVED.


RELATIVE HUMIDITY (PERCENT)
 HIGHEST    86           100 AM
 LOWEST     25           300 PM
 AVERAGE    56

..........................................................


THE CHARLOTTE NC CLIMATE NORMALS FOR TODAY
                         NORMAL    RECORD    YEAR
 MAXIMUM TEMPERATURE (F)   76        94      1902
 MINIMUM TEMPERATURE (F)   52        39      1981


SUNRISE AND SUNSET
MAY  3 2015...........SUNRISE   631 AM EDT   SUNSET   811 PM EDT
MAY  4 2015...........SUNRISE   630 AM EDT   SUNSET   812 PM EDT


-  INDICATES NEGATIVE NUMBERS.
R  INDICATES RECORD WAS SET OR TIED.
MM INDICATES DATA IS MISSING.
T  INDICATES TRACE AMOUNT.

$$
