000
CDUS46 KLOX 180903
CLICMA


CLIMATE REPORT
NATIONAL WEATHER SERVICE LOS ANGELES/OXNARD CA
203 AM PDT SAT APR 18 2015


...................................

...THE CAMARILLO AIRPORT CA CLIMATE SUMMARY FOR APRIL 17 2015...

CLIMATE NORMAL PERIOD 1981 TO 2010
CLIMATE RECORD PERIOD 1948 TO 2015


WEATHER ITEM   OBSERVED TIME   RECORD YEAR NORMAL DEPARTURE LAST
                VALUE   (LST)  VALUE       VALUE  FROM      YEAR
                                                  NORMAL
..................................................................
TEMPERATURE (F)
 YESTERDAY
  MAXIMUM         82   1108 AM  85    1999  69     13       68
  MINIMUM         45    511 AM  40    2009  48     -3       52
                                      1976
  AVERAGE         64                        58      6       60

PRECIPITATION (IN)
  YESTERDAY        0.00          1.48 2000   0.03  -0.03     0.00
  MONTH TO DATE    0.07                      0.36  -0.29     0.05
  SINCE OCT 1      8.08                     14.19  -6.11     4.96
  SINCE JAN 1      3.17                     10.19  -7.02     4.18

SNOWFALL (IN)
  YESTERDAY        0.0
  MONTH TO DATE    0.0
  SINCE MAR 1      0.0
  SINCE JUL 1      0.0

DEGREE DAYS
 HEATING
  YESTERDAY        1                         7     -6        5
  MONTH TO DATE   79                       124    -45      104
  SINCE MAR 1    170                       401   -231      255
  SINCE JUL 1    827                      1737   -910     1208

 COOLING
  YESTERDAY        0                         0      0        0
  MONTH TO DATE    3                         0      3        2
  SINCE MAR 1     59                         4     55       14
  SINCE JAN 1     98                        13     85       42
..................................................................


WIND (MPH)
  HIGHEST WIND SPEED    18   HIGHEST WIND DIRECTION     W (260)
  HIGHEST GUST SPEED    23   HIGHEST GUST DIRECTION     W (260)
  AVERAGE WIND SPEED     5.9


SKY COVER
  POSSIBLE SUNSHINE  MM
  AVERAGE SKY COVER 0.0


WEATHER CONDITIONS
 THE FOLLOWING WEATHER WAS RECORDED YESTERDAY.
  NO SIGNIFICANT WEATHER WAS OBSERVED.


RELATIVE HUMIDITY (PERCENT)
 HIGHEST    62          1000 PM
 LOWEST      8          1200 PM
 AVERAGE    35

..........................................................


THE CAMARILLO AIRPORT CA CLIMATE NORMALS FOR TODAY
                         NORMAL    RECORD    YEAR
 MAXIMUM TEMPERATURE (F)   69        82      2013
                                             1999
 MINIMUM TEMPERATURE (F)   48        38      1968


SUNRISE AND SUNSET
APRIL 18 2015.........SUNRISE   622 AM PDT   SUNSET   730 PM PDT
APRIL 19 2015.........SUNRISE   621 AM PDT   SUNSET   731 PM PDT


-  INDICATES NEGATIVE NUMBERS.
R  INDICATES RECORD WAS SET OR TIED.
MM INDICATES DATA IS MISSING.
T  INDICATES TRACE AMOUNT.




$$
