000
CDUS41 KILN 270527
CLICMH


CLIMATE REPORT
NATIONAL WEATHER SERVICE WILMINGTON OH
127 AM EDT MON APR 27 2015


...................................

...THE COLUMBUS OH CLIMATE SUMMARY FOR APRIL 26 2015...

CLIMATE NORMAL PERIOD 1981 TO 2010
CLIMATE RECORD PERIOD 1869 TO 2015


WEATHER ITEM   OBSERVED TIME   RECORD YEAR NORMAL DEPARTURE LAST
                VALUE   (LST)  VALUE       VALUE  FROM      YEAR
                                                  NORMAL
..................................................................
TEMPERATURE (F)
 YESTERDAY
  MAXIMUM         60    221 PM  89    1948  67     -7       74
                                      1915
  MINIMUM         39    629 AM  26    1972  46     -7       46
  AVERAGE         50                        57     -7       60

PRECIPITATION (IN)
  YESTERDAY        0.00          1.24 2012   0.11  -0.11     0.02
  MONTH TO DATE    4.04                      2.95   1.09     2.92
  SINCE MAR 1      7.96                      5.97   1.99     5.51
  SINCE JAN 1     12.53                     10.95   1.58    10.30

SNOWFALL (IN)
  YESTERDAY        0.0           0.0    MM   0.0    0.0      0.0
  MONTH TO DATE    0.0                       1.1   -1.1      0.9
  SINCE MAR 1      5.4                       5.3    0.1      5.4
  SINCE JUL 1     33.4                      26.7    6.7     56.4
  SNOW DEPTH       0

DEGREE DAYS
 HEATING
  YESTERDAY       15                         9      6        5
  MONTH TO DATE  284                       338    -54      273
  SINCE MAR 1   1118                      1054     64     1110
  SINCE JUL 1   5672                      5049    623     5494

 COOLING
  YESTERDAY        0                         1     -1        0
  MONTH TO DATE    0                         8     -8        6
  SINCE MAR 1      0                         8     -8        6
  SINCE JAN 1      0                         8     -8        6
..................................................................


WIND (MPH)
  RESULTANT WIND SPEED  11   RESULTANT WIND DIRECTION   N (10)
  HIGHEST WIND SPEED    21   HIGHEST WIND DIRECTION     N (350)
  HIGHEST GUST SPEED    26   HIGHEST GUST DIRECTION     N (340)
  AVERAGE WIND SPEED    10.6


SKY COVER
  POSSIBLE SUNSHINE  MM
  AVERAGE SKY COVER 0.5


WEATHER CONDITIONS
 THE FOLLOWING WEATHER WAS RECORDED YESTERDAY.
  NO SIGNIFICANT WEATHER WAS OBSERVED.


RELATIVE HUMIDITY (PERCENT)
 HIGHEST    70           200 AM
 LOWEST     37           200 PM
 AVERAGE    54

..........................................................


THE COLUMBUS OH CLIMATE NORMALS FOR TODAY
                         NORMAL    RECORD    YEAR
 MAXIMUM TEMPERATURE (F)   68        88      1990
                                             1986
 MINIMUM TEMPERATURE (F)   46        28      1971


SUNRISE AND SUNSET
APRIL 27 2015.........SUNRISE   637 AM EDT   SUNSET   822 PM EDT
APRIL 28 2015.........SUNRISE   636 AM EDT   SUNSET   823 PM EDT


-  INDICATES NEGATIVE NUMBERS.
R  INDICATES RECORD WAS SET OR TIED.
MM INDICATES DATA IS MISSING.
T  INDICATES TRACE AMOUNT.




$$
