000
CDUS45 KRIW 020056
CLICPR


CLIMATE REPORT
NATIONAL WEATHER SERVICE RIVERTON WY
656 PM MDT WED APR 1 2015


...................................

...THE CASPER WY CLIMATE SUMMARY FOR APRIL 1 2015...
VALID TODAY AS OF 0500 PM LOCAL TIME.

CLIMATE NORMAL PERIOD 1981 TO 2010
CLIMATE RECORD PERIOD 1939 TO 2015


WEATHER ITEM   OBSERVED TIME   RECORD YEAR NORMAL DEPARTURE LAST
                VALUE   (LST)  VALUE       VALUE  FROM      YEAR
                                                  NORMAL
..................................................................
TEMPERATURE (F)
 TODAY
  MAXIMUM         53        MM  75    2012  53      0       45
                                      2004
  MINIMUM         43        MM  -1    1975  26     17       26
  AVERAGE         48                        39      9       36

PRECIPITATION (IN)
  TODAY            0.00          0.26 2010   0.03  -0.03      T
  MONTH TO DATE    0.00                      0.03  -0.03      T
  SINCE MAR 1      0.64                      0.85  -0.21     1.64
  SINCE JAN 1      1.95                      1.93   0.02     3.12

SNOWFALL (IN)
  TODAY            0.0                       0.5   -0.5       T
  MONTH TO DATE    0.0                       0.5   -0.5       T
  SINCE MAR 1      9.3                      11.4   -2.1     18.7
  SINCE JUL 1     60.7                      60.8   -0.1     84.9
  SNOW DEPTH       0

DEGREE DAYS
 HEATING
  TODAY           17                        26     -9       29
  MONTH TO DATE   17                        26     -9       29
  SINCE MAR 1    786                       951   -165      941
  SINCE JUL 1   5837                      6399   -562     6705

 COOLING
  TODAY            0                         0      0        0
  MONTH TO DATE    0                         0      0        0
  SINCE MAR 1      0                         0      0        0
  SINCE JAN 1      0                         0      0        0
..................................................................


WIND (MPH)
  HIGHEST WIND SPEED    22   HIGHEST WIND DIRECTION     N (10)
  HIGHEST GUST SPEED    27   HIGHEST GUST DIRECTION     N (10)
  AVERAGE WIND SPEED    11.1


SKY COVER
  POSSIBLE SUNSHINE  MM
  AVERAGE SKY COVER 0.5


WEATHER CONDITIONS
 THE FOLLOWING WEATHER WAS RECORDED TODAY.
  NO SIGNIFICANT WEATHER WAS OBSERVED.


RELATIVE HUMIDITY (PERCENT)
 HIGHEST    62           800 AM
 LOWEST     30           400 PM
 AVERAGE    46

..........................................................


THE CASPER WY CLIMATE NORMALS FOR TOMORROW
                         NORMAL    RECORD    YEAR
 MAXIMUM TEMPERATURE (F)   53        75      2011
 MINIMUM TEMPERATURE (F)   26        -2      1975


SUNRISE AND SUNSET
APRIL  1 2015.........SUNRISE   648 AM MDT   SUNSET   732 PM MDT
APRIL  2 2015.........SUNRISE   647 AM MDT   SUNSET   733 PM MDT


-  INDICATES NEGATIVE NUMBERS.
R  INDICATES RECORD WAS SET OR TIED.
MM INDICATES DATA IS MISSING.
T  INDICATES TRACE AMOUNT.




$$
