000
CDUS41 KRLX 210727
CLICRW


CLIMATE REPORT
NATIONAL WEATHER SERVICE CHARLESTON WV
319 AM EDT TUE APR 21 2015


...................................

...THE CHARLESTON WV CLIMATE SUMMARY FOR APRIL 20 2015...

CLIMATE NORMAL PERIOD 1981 TO 2010
CLIMATE RECORD PERIOD 1901 TO 2015


WEATHER ITEM   OBSERVED TIME   RECORD YEAR NORMAL DEPARTURE LAST
                VALUE   (LST)  VALUE       VALUE  FROM      YEAR
                                                  NORMAL
..................................................................
TEMPERATURE (F)
 YESTERDAY
  MAXIMUM         76    344 PM  91    1976  69      7       78
  MINIMUM         51   1139 PM  24    1926  46      5       42
  AVERAGE         64                        58      6       60

PRECIPITATION (IN)
  YESTERDAY        0.06          1.22 1909   0.11  -0.05     0.00
  MONTH TO DATE    5.20                      2.08   3.12     1.47
  SINCE JAN 1     16.17                     12.18   3.99    12.23

SNOWFALL (IN)
  YESTERDAY        0.0
  MONTH TO DATE    0.0
  SINCE SEP 1     29.1
  SNOW DEPTH       0

DEGREE DAYS
 HEATING
  YESTERDAY        1                         9     -8        5
  MONTH TO DATE  120                       222   -102      161
  SINCE MAR 1    733                       822    -89      879
  SINCE JUL 1   4638                      4276    362     4646

 COOLING
  YESTERDAY        0                         1     -1        0
  MONTH TO DATE   15                        19     -4       15
  SINCE MAR 1     15                        24     -9       15
  SINCE JAN 1     15                        24     -9       15
..................................................................


WIND (MPH)
  HIGHEST WIND SPEED    26   HIGHEST WIND DIRECTION    SW (240)
  HIGHEST GUST SPEED    36   HIGHEST GUST DIRECTION    SW (230)
  AVERAGE WIND SPEED    13.7


SKY COVER
  POSSIBLE SUNSHINE  MM
  AVERAGE SKY COVER 0.7


WEATHER CONDITIONS
 THE FOLLOWING WEATHER WAS RECORDED YESTERDAY.
  THUNDERSTORM
  RAIN
  LIGHT RAIN


RELATIVE HUMIDITY (PERCENT)
 HIGHEST    78           200 AM
 LOWEST     33           300 PM
 AVERAGE    56

..........................................................


THE CHARLESTON WV CLIMATE NORMALS FOR TODAY
                         NORMAL    RECORD    YEAR
 MAXIMUM TEMPERATURE (F)   70        92      1985
 MINIMUM TEMPERATURE (F)   46        24      1926


SUNRISE AND SUNSET
APRIL 21 2015.........SUNRISE   643 AM EDT   SUNSET   808 PM EDT
APRIL 22 2015.........SUNRISE   641 AM EDT   SUNSET   809 PM EDT


-  INDICATES NEGATIVE NUMBERS.
R  INDICATES RECORD WAS SET OR TIED.
MM INDICATES DATA IS MISSING.
T  INDICATES TRACE AMOUNT.




$$
