000
CDUS45 KTFX 251027
CLICTB


CLIMATE REPORT
NATIONAL WEATHER SERVICE GREAT FALLS MT
426 AM MDT SAT APR 25 2015


...................................

...THE CUT BANK MT CLIMATE SUMMARY FOR APRIL 24 2015...

CLIMATE NORMAL PERIOD 1981 TO 2010
CLIMATE RECORD PERIOD 1903 TO 2015


WEATHER ITEM   OBSERVED TIME   RECORD YEAR NORMAL DEPARTURE LAST
                VALUE   (LST)  VALUE       VALUE  FROM      YEAR
                                                  NORMAL
..................................................................
TEMPERATURE (F)
 YESTERDAY
  MAXIMUM         57    210 PM  84    1910  56      1       57
  MINIMUM         36   1159 PM   5    2009  31      5       29
  AVERAGE         47                        43      4       43

PRECIPITATION (IN)
  YESTERDAY        0.00          0.86 1994   0.04  -0.04     0.00
  MONTH TO DATE    0.15                      0.58  -0.43     0.82
  SINCE OCT 1      3.82                      2.51   1.31     3.94
  SINCE JAN 1      1.29                      1.49  -0.20     2.74

SNOWFALL (IN)
  YESTERDAY       MM
  SNOW DEPTH       0

DEGREE DAYS
 HEATING
  YESTERDAY       18                        22     -4       22
  MONTH TO DATE  591                       597     -6      561
  SINCE MAR 1   1365                      1635   -270     1783
  SINCE JUL 1   7027                      7695   -668     7989

 COOLING
  YESTERDAY        0                         0      0        0
  MONTH TO DATE    0                         0      0        0
  SINCE MAR 1      0                         0      0        0
  SINCE JAN 1      0                         0      0        0
..................................................................


WIND (MPH)
  HIGHEST WIND SPEED    29   HIGHEST WIND DIRECTION     W (250)
  HIGHEST GUST SPEED    38   HIGHEST GUST DIRECTION    SW (240)
  AVERAGE WIND SPEED    13.8


SKY COVER
  AVERAGE SKY COVER 0.2


WEATHER CONDITIONS
 THE FOLLOWING WEATHER WAS RECORDED YESTERDAY.
  NO SIGNIFICANT WEATHER WAS OBSERVED.


RELATIVE HUMIDITY (PERCENT)
 HIGHEST    65           600 AM
 LOWEST     24           400 PM
 AVERAGE    45

..........................................................


THE CUT BANK MT CLIMATE NORMALS FOR TODAY
                         NORMAL    RECORD    YEAR
 MAXIMUM TEMPERATURE (F)   56        87      1910
 MINIMUM TEMPERATURE (F)   31         0      1935


SUNRISE AND SUNSET
APRIL 25 2015.........SUNRISE   621 AM MDT   SUNSET   835 PM MDT
APRIL 26 2015.........SUNRISE   619 AM MDT   SUNSET   837 PM MDT


-  INDICATES NEGATIVE NUMBERS.
R  INDICATES RECORD WAS SET OR TIED.
MM INDICATES DATA IS MISSING.
T  INDICATES TRACE AMOUNT.




$$
