000
CDUS43 KUNR 210832
CLICUT


CLIMATE REPORT
NATIONAL WEATHER SERVICE RAPID CITY SD
231 AM MDT TUE APR 21 2015


...................................

...THE CUSTER COUNTY AIRPORT SD CLIMATE SUMMARY FOR APRIL 20 2015...

CLIMATE NORMAL PERIOD 1981 TO 2010
CLIMATE RECORD PERIOD 9999 TO 9999


WEATHER ITEM   OBSERVED TIME   NORMAL DEPARTURE LAST
                VALUE   (LST)  VALUE  FROM      YEAR
                                      NORMAL
......................................................
TEMPERATURE (F)
 YESTERDAY
  MAXIMUM         46    453 PM  52     -6       69
  MINIMUM         23    337 AM  29     -6       33
  AVERAGE         35            40     -5       51

PRECIPITATION (IN)
  YESTERDAY        0.00          0.08  -0.08     0.00
  MONTH TO DATE    0.83          1.29  -0.46     1.21
  SINCE MAR 1      1.16          2.30  -1.14     2.41
  SINCE JAN 1      1.56          3.16  -1.60     3.74

DEGREE DAYS
 HEATING
  YESTERDAY       30            25      5       14
  MONTH TO DATE  510           548    -38      543
  SINCE MAR 1   1341          1588   -247     1595
  SINCE JUL 1   6790          7423   -633     7453

 COOLING
  YESTERDAY        0             0      0        0
  MONTH TO DATE    0             0      0        0
  SINCE MAR 1      0             0      0        0
  SINCE JAN 1      0             0      0        0
......................................................


WIND (MPH)
  HIGHEST WIND SPEED    21   HIGHEST WIND DIRECTION     W (280)
  HIGHEST GUST SPEED    29   HIGHEST GUST DIRECTION     W (270)
  AVERAGE WIND SPEED     7.8


SKY COVER
  AVERAGE SKY COVER 0.3


WEATHER CONDITIONS
 THE FOLLOWING WEATHER WAS RECORDED YESTERDAY.
  NO SIGNIFICANT WEATHER WAS OBSERVED.


RELATIVE HUMIDITY (PERCENT)
 HIGHEST    68
 LOWEST     28
 AVERAGE    48

..........................................................




SUNRISE AND SUNSET
APRIL 21 2015.........SUNRISE   602 AM MDT   SUNSET   745 PM MDT
APRIL 22 2015.........SUNRISE   601 AM MDT   SUNSET   746 PM MDT


-  INDICATES NEGATIVE NUMBERS.
R  INDICATES RECORD WAS SET OR TIED.
MM INDICATES DATA IS MISSING.
T  INDICATES TRACE AMOUNT.




$$
