000
CDUS45 KCYS 040727
CLICYS


CLIMATE REPORT
NATIONAL WEATHER SERVICE CHEYENNE WY
127 AM MDT MON MAY 4 2015


...................................

...THE CHEYENNE WYOMING AIRPORT CLIMATE SUMMARY FOR MAY 3 2015...

CLIMATE NORMAL PERIOD 1981 TO 2010
CLIMATE RECORD PERIOD 1871 TO 2015


WEATHER ITEM   OBSERVED TIME   RECORD YEAR NORMAL DEPARTURE LAST
                VALUE   (LST)  VALUE       VALUE  FROM      YEAR
                                                  NORMAL
..................................................................
TEMPERATURE (F)
 YESTERDAY
  MAXIMUM         68   1104 AM  80    1947  61      7       77
                                      1940
  MINIMUM         47   1159 PM   8    1907  36     11       37
  AVERAGE         58                        48     10       57

PRECIPITATION (IN)
  YESTERDAY        0.17          1.62 1904   0.07   0.10     0.00
  MONTH TO DATE    0.22                      0.20   0.02     0.00
  SINCE JAN 1      3.81                      3.83  -0.02     3.97

SNOWFALL (IN)
  YESTERDAY        0.0           3.9  1898   0.2   -0.2      0.0
  MONTH TO DATE    0.0                       0.5   -0.5      0.0
  SINCE JUL 1     50.1                      58.5   -8.4     78.7
  SNOW DEPTH       0

DEGREE DAYS
 HEATING
  YESTERDAY        7                        17    -10        8
  MONTH TO DATE   26                        51    -25       42
  SINCE MAR 1   1360                      1617   -257     1548
  SINCE JUL 1   6006                      6636   -630     6752

 COOLING
  YESTERDAY        0                         0      0        0
  MONTH TO DATE    0                         0      0        0
  SINCE MAR 1      0                         0      0        0
  SINCE JAN 1      0                         0      0        0
..................................................................


WIND (MPH)
  HIGHEST WIND SPEED    32   HIGHEST WIND DIRECTION     S (190)
  HIGHEST GUST SPEED    41   HIGHEST GUST DIRECTION     S (190)
  AVERAGE WIND SPEED    10.9


SKY COVER
  AVERAGE SKY COVER 0.4


WEATHER CONDITIONS
 THE FOLLOWING WEATHER WAS RECORDED YESTERDAY.
  THUNDERSTORM
  HEAVY RAIN
  RAIN
  LIGHT RAIN


RELATIVE HUMIDITY (PERCENT)
 HIGHEST    86           800 PM
 LOWEST     24          1100 AM
 AVERAGE    55

..........................................................


THE CHEYENNE WYOMING AIRPORT CLIMATE NORMALS FOR TODAY
                         NORMAL    RECORD    YEAR
 MAXIMUM TEMPERATURE (F)   61        84      2000
 MINIMUM TEMPERATURE (F)   36        23      1950
                                             1874


SUNRISE AND SUNSET
MAY  4 2015...........SUNRISE   553 AM MDT   SUNSET   759 PM MDT
MAY  5 2015...........SUNRISE   552 AM MDT   SUNSET   800 PM MDT


-  INDICATES NEGATIVE NUMBERS.
R  INDICATES RECORD WAS SET OR TIED.
MM INDICATES DATA IS MISSING.
T  INDICATES TRACE AMOUNT.




$$
