000
CDUS43 KILX 270634
CLIDEC


CLIMATE REPORT
NATIONAL WEATHER SERVICE LINCOLN IL
134 AM CDT MON APR 27 2015


...................................

...THE DECATUR IL AIRPORT CLIMATE SUMMARY FOR APRIL 26 2015...

CLIMATE NORMAL PERIOD 1981 TO 2010
CLIMATE RECORD PERIOD 9999 TO 9999


WEATHER ITEM   OBSERVED TIME   RECORD YEAR NORMAL DEPARTURE LAST
                VALUE   (LST)  VALUE       VALUE  FROM      YEAR
                                                  NORMAL
..................................................................
TEMPERATURE (F)
 YESTERDAY
  MAXIMUM         60    255 PM  MM      MM  68     -8       80
  MINIMUM         39   1156 PM  MM      MM  45     -6       50
  AVERAGE         50                        57     -7       65

PRECIPITATION (IN)
  YESTERDAY        0.00         MM      MM   0.15  -0.15     0.01
  MONTH TO DATE    1.98                      3.00  -1.02     3.05
  SINCE MAR 1      3.59                      5.64  -2.05     4.54
  SINCE JAN 1      4.84                      9.36  -4.52     5.66

DEGREE DAYS
 HEATING
  YESTERDAY       15                         9      6        0
  MONTH TO DATE  247                       347   -100      301
  SINCE MAR 1   1036                      1074    -38     1187
  SINCE JUL 1   5682                      5331    351     5999

 COOLING
  YESTERDAY        0                         1     -1        0
  MONTH TO DATE    3                         4     -1        1
  SINCE MAR 1      3                         5     -2        1
  SINCE JAN 1      3                         5     -2        1
..................................................................


WIND (MPH)
  HIGHEST WIND SPEED    24   HIGHEST WIND DIRECTION    NE (30)
  HIGHEST GUST SPEED    29   HIGHEST GUST DIRECTION    NE (30)
  AVERAGE WIND SPEED    12.5


SKY COVER
  POSSIBLE SUNSHINE  MM
  AVERAGE SKY COVER 0.3


WEATHER CONDITIONS
 THE FOLLOWING WEATHER WAS RECORDED YESTERDAY.
  FOG


RELATIVE HUMIDITY (PERCENT)
 HIGHEST    89          1200 AM
 LOWEST     40           500 PM
 AVERAGE    65

..........................................................


THE DECATUR IL AIRPORT CLIMATE NORMALS FOR TODAY
                         NORMAL    RECORD    YEAR
 MAXIMUM TEMPERATURE (F)   68        MM        MM
 MINIMUM TEMPERATURE (F)   46        MM        MM


SUNRISE AND SUNSET
APRIL 27 2015.........SUNRISE   601 AM CDT   SUNSET   746 PM CDT
APRIL 28 2015.........SUNRISE   600 AM CDT   SUNSET   747 PM CDT


-  INDICATES NEGATIVE NUMBERS.
R  INDICATES RECORD WAS SET OR TIED.
MM INDICATES DATA IS MISSING.
T  INDICATES TRACE AMOUNT.




$$
