000
CDUS44 KSHV 250753
CLIDEQ


CLIMATE REPORT
NATIONAL WEATHER SERVICE SHREVEPORT, LA
250 AM CDT SAT APR 25 2015


...................................

...THE DE QUEEN CLIMATE SUMMARY FOR APRIL 24 2015...

CLIMATE NORMAL PERIOD 1981 TO 2010
CLIMATE RECORD PERIOD 1902 TO 2015


WEATHER ITEM   OBSERVED TIME   RECORD YEAR NORMAL DEPARTURE LAST
                VALUE   (LST)  VALUE       VALUE  FROM      YEAR
                                                  NORMAL
..................................................................
TEMPERATURE (F)
 YESTERDAY
  MAXIMUM         63   1159 PM  88    1987  76    -13       81
  MINIMUM         56    808 AM  35    2005  51      5       52
  AVERAGE         60                        64     -4       67

PRECIPITATION (IN)
  YESTERDAY        1.14          2.90 1953   0.15   0.99      T
  MONTH TO DATE    2.30                      2.88  -0.58     3.31
  SINCE DEC 1     17.59                     18.88  -1.29    10.33
  SINCE JAN 1     15.87                     14.52   1.35     8.40

SNOWFALL (IN)
  YESTERDAY        0.0
  MONTH TO DATE    0.0
  SINCE MAR 1      2.6
  SINCE JUL 1      7.9
  SNOW DEPTH       0

DEGREE DAYS
 HEATING
  YESTERDAY        5                         3      2        0
  MONTH TO DATE   75                       138    -63      157
  SINCE MAR 1    422                       515    -93      618
  SINCE JUL 1   3074                      3006     68     3390

 COOLING
  YESTERDAY        0                         2     -2        2
  MONTH TO DATE   41                        26     15       22
  SINCE MAR 1     43                        35      8       23
  SINCE JAN 1     43                        37      6       23
..................................................................


WIND (MPH)
  HIGHEST WIND SPEED    29   HIGHEST WIND DIRECTION    SE (120)
  HIGHEST GUST SPEED    40   HIGHEST GUST DIRECTION    SE (120)
  AVERAGE WIND SPEED     5.9


SKY COVER
  POSSIBLE SUNSHINE  MM
  AVERAGE SKY COVER 1.0


WEATHER CONDITIONS
 THE FOLLOWING WEATHER WAS RECORDED YESTERDAY.
  THUNDERSTORM
  HEAVY RAIN
  RAIN
  LIGHT RAIN
  FOG


RELATIVE HUMIDITY (PERCENT)
 HIGHEST   100           400 PM
 LOWEST     72           200 AM
 AVERAGE    86

..........................................................


THE DE QUEEN CLIMATE NORMALS FOR TODAY
                         NORMAL    RECORD    YEAR
 MAXIMUM TEMPERATURE (F)   76        88      1955
 MINIMUM TEMPERATURE (F)   52        34      2013


SUNRISE AND SUNSET
APRIL 25 2015.........SUNRISE   635 AM CDT   SUNSET   757 PM CDT
APRIL 26 2015.........SUNRISE   634 AM CDT   SUNSET   757 PM CDT


-  INDICATES NEGATIVE NUMBERS.
R  INDICATES RECORD WAS SET OR TIED.
MM INDICATES DATA IS MISSING.
T  INDICATES TRACE AMOUNT.




$$
