000
CDUS44 KAMA 180633
CLIDHT


CLIMATE REPORT
NATIONAL WEATHER SERVICE AMARILLO TX
133 AM CDT SAT APR 18 2015


...................................

...THE DALHART CLIMATE SUMMARY FOR APRIL 17 2015...

CLIMATE NORMAL PERIOD 1981 TO 2010
CLIMATE RECORD PERIOD 1894 TO 2015


WEATHER ITEM   OBSERVED TIME   RECORD YEAR NORMAL DEPARTURE LAST
                VALUE   (LST)  VALUE       VALUE  FROM      YEAR
                                                  NORMAL
..................................................................
TEMPERATURE (F)
 YESTERDAY
  MAXIMUM         69    517 PM  89    2006  70     -1       56
  MINIMUM         41   1157 PM  27    1953  38      3       38
  AVERAGE         55                        54      1       47

PRECIPITATION (IN)
  YESTERDAY        0.00          1.38 1970   0.04  -0.04     0.00
  MONTH TO DATE    0.40                      0.55  -0.15     0.11
  SINCE MAR 1      0.48                      1.72  -1.24     0.20
  SINCE JAN 1      3.79                      2.64   1.15     0.29

SNOWFALL (IN)
  YESTERDAY        0.0           T    2013   0.0    0.0      0.0
  MONTH TO DATE    0.0                       0.9   -0.9      1.0
  SINCE MAR 1      0.8                       5.1   -4.3      2.1
  SINCE JUL 1     34.1                      18.6   15.5     17.4
  SNOW DEPTH       0

DEGREE DAYS
 HEATING
  YESTERDAY       10                        11     -1       18
  MONTH TO DATE  128                       228   -100      235
  SINCE MAR 1    611                       839   -228      824
  SINCE JUL 1   3904                      4482   -578     4418

 COOLING
  YESTERDAY        0                         0      0        0
  MONTH TO DATE    0                         0      0        2
  SINCE MAR 1      0                         0      0        2
  SINCE JAN 1      0                         0      0        2
..................................................................


WIND (MPH)
  RESULTANT WIND SPEED   6   RESULTANT WIND DIRECTION  SW (220)
  HIGHEST WIND SPEED    25   HIGHEST WIND DIRECTION    SW (210)
  HIGHEST GUST SPEED    29   HIGHEST GUST DIRECTION    SW (220)
  AVERAGE WIND SPEED    10.5


SKY COVER
  AVERAGE SKY COVER 0.3


WEATHER CONDITIONS
 THE FOLLOWING WEATHER WAS RECORDED YESTERDAY.
  FOG


RELATIVE HUMIDITY (PERCENT)
 HIGHEST    93           100 AM
 LOWEST      9           400 PM
 AVERAGE    51

..........................................................


THE DALHART CLIMATE NORMALS FOR TODAY
                         NORMAL    RECORD    YEAR
 MAXIMUM TEMPERATURE (F)   70        91      2011
                                             1994
 MINIMUM TEMPERATURE (F)   38        21      1953


SUNRISE AND SUNSET
APRIL 18 2015.........SUNRISE   713 AM CDT   SUNSET   826 PM CDT
APRIL 19 2015.........SUNRISE   712 AM CDT   SUNSET   827 PM CDT


-  INDICATES NEGATIVE NUMBERS.
R  INDICATES RECORD WAS SET OR TIED.
MM INDICATES DATA IS MISSING.
T  INDICATES TRACE AMOUNT.




$$
