000
CDUS43 KBIS 200046
CLIDIK


CLIMATE REPORT
NATIONAL WEATHER SERVICE BISMARCK ND
746 PM CDT SUN APR 19 2015


...................................

...THE DICKINSON ND CLIMATE SUMMARY FOR APRIL 19 2015...
VALID TODAY AS OF 0700 PM LOCAL TIME.

CLIMATE NORMAL PERIOD 1981 TO 2010
CLIMATE RECORD PERIOD 1903 TO 2015


WEATHER ITEM   OBSERVED TIME   RECORD YEAR NORMAL DEPARTURE LAST
                VALUE   (LST)  VALUE       VALUE  FROM      YEAR
                                                  NORMAL
..................................................................
TEMPERATURE (F)
 TODAY
  MAXIMUM         49        MM  88    1926  57     -8       62
  MINIMUM         33        MM   9    2002  30      3       32
  AVERAGE         41                        44     -3       47

PRECIPITATION (IN)
  TODAY            0.00          1.29 2005   0.05  -0.05     0.00
  MONTH TO DATE    0.63                      0.82  -0.19     0.04
  SINCE MAR 1      1.10                      1.51  -0.41     0.54
  SINCE JAN 1      1.37                      2.14  -0.77     0.71

DEGREE DAYS
 HEATING
  TODAY           24                        21      3       18
  MONTH TO DATE  407                       472    -65      574
  SINCE MAR 1   1235                      1558   -323     1770
  SINCE JUL 1   7350                      7852   -502     8412

 COOLING
  TODAY            0                         0      0        0
  MONTH TO DATE    0                         0      0        0
  SINCE MAR 1      0                         0      0        0
  SINCE JAN 1      0                         0      0        0
..................................................................


WIND (MPH)
  RESULTANT WIND SPEED  20   RESULTANT WIND DIRECTION  NW (310)
  HIGHEST WIND SPEED    29   HIGHEST WIND DIRECTION    NW (320)
  HIGHEST GUST SPEED    44   HIGHEST GUST DIRECTION    NW (330)
  AVERAGE WIND SPEED    21.4


SKY COVER
  POSSIBLE SUNSHINE   0 PERCENT
  AVERAGE SKY COVER 0.0


WEATHER CONDITIONS
 THE FOLLOWING WEATHER WAS RECORDED TODAY.
  NO SIGNIFICANT WEATHER WAS OBSERVED.


RELATIVE HUMIDITY (PERCENT)
 HIGHEST     0          1200 AM
 LOWEST      0          1200 AM
 AVERAGE     0

..........................................................


THE DICKINSON ND CLIMATE NORMALS FOR TOMORROW
                         NORMAL    RECORD    YEAR
 MAXIMUM TEMPERATURE (F)   58        92      1980
 MINIMUM TEMPERATURE (F)   31        11      2011


SUNRISE AND SUNSET
APRIL 19 2015.........SUNRISE   557 AM MDT   SUNSET   745 PM MDT
APRIL 20 2015.........SUNRISE   555 AM MDT   SUNSET   746 PM MDT


-  INDICATES NEGATIVE NUMBERS.
R  INDICATES RECORD WAS SET OR TIED.
MM INDICATES DATA IS MISSING.
T  INDICATES TRACE AMOUNT.




$$
