000
CDUS46 KOTX 280427
CLIEAT


CLIMATE REPORT
NATIONAL WEATHER SERVICE SPOKANE, WA
926 PM PDT MON APR 27 2015


...................................

...THE WENATCHEE WA PANGBORN FIELD CLIMATE SUMMARY FOR APRIL 27 2015...
VALID TODAY AS OF 0800 PM LOCAL TIME.

CLIMATE NORMAL PERIOD 1981 TO 2010
CLIMATE RECORD PERIOD 1959 TO 2015


WEATHER ITEM   OBSERVED TIME   RECORD YEAR NORMAL DEPARTURE LAST
                VALUE   (LST)  VALUE       VALUE  FROM      YEAR
                                                  NORMAL
..................................................................
TEMPERATURE (F)
 TODAY
  MAXIMUM         74    500 PM  86    1987  65      9       61
  MINIMUM         48    509 AM  32    1970  43      5       44
  AVERAGE         61                        54      7       53

PRECIPITATION (IN)
  TODAY            0.00          0.46 1962   0.02  -0.02      T
  MONTH TO DATE    0.30                      0.42  -0.12     0.24
  SINCE OCT 1      5.66                      5.88  -0.22     2.69
  SINCE JAN 1      2.48                      2.93  -0.45     2.13

SNOWFALL (IN)
  TODAY           MM

DEGREE DAYS
 HEATING
  TODAY            4                        11     -7       12
  MONTH TO DATE  343                       371    -28      305
  SINCE MAR 1    780                      1019   -239      949
  SINCE JUL 1   4409                      5483  -1074     5519

 COOLING
  TODAY            0                         0      0        0
  MONTH TO DATE    0                         0      0        0
  SINCE MAR 1      0                         2     -2        0
  SINCE JAN 1      0                         2     -2        0
..................................................................


WIND (MPH)
  HIGHEST WIND SPEED    16   HIGHEST WIND DIRECTION    SE (130)
  HIGHEST GUST SPEED    21   HIGHEST GUST DIRECTION    SE (140)
  AVERAGE WIND SPEED     6.3


SKY COVER
  POSSIBLE SUNSHINE  MM
  AVERAGE SKY COVER 0.3


WEATHER CONDITIONS
 THE FOLLOWING WEATHER WAS RECORDED TODAY.
  NO SIGNIFICANT WEATHER WAS OBSERVED.


RELATIVE HUMIDITY (PERCENT)
 HIGHEST    50           400 AM
 LOWEST     25           300 PM
 AVERAGE    38

..........................................................


THE WENATCHEE WA PANGBORN FIELD CLIMATE NORMALS FOR TOMORROW
                         NORMAL    RECORD    YEAR
 MAXIMUM TEMPERATURE (F)   66        83      1987
 MINIMUM TEMPERATURE (F)   43        32      1986


SUNRISE AND SUNSET
APRIL 27 2015.........SUNRISE   551 AM PDT   SUNSET   807 PM PDT
APRIL 28 2015.........SUNRISE   549 AM PDT   SUNSET   808 PM PDT


-  INDICATES NEGATIVE NUMBERS.
R  INDICATES RECORD WAS SET OR TIED.
MM INDICATES DATA IS MISSING.
T  INDICATES TRACE AMOUNT.




$$
