000
CDUS44 KEPZ 260927
CLIELP


CLIMATE REPORT
NATIONAL WEATHER SERVICE EL PASO, TX
326 AM MDT SUN APR 26 2015


...................................

...THE EL PASO CLIMATE SUMMARY FOR APRIL 25 2015...

CLIMATE NORMAL PERIOD 1981 TO 2010
CLIMATE RECORD PERIOD 1879 TO 2015


WEATHER ITEM   OBSERVED TIME   RECORD YEAR NORMAL DEPARTURE LAST
                VALUE   (LST)  VALUE       VALUE  FROM      YEAR
                                                  NORMAL
..................................................................
TEMPERATURE (F)
 YESTERDAY
  MAXIMUM         80    443 PM  95    2012  81     -1       87
  MINIMUM         54    549 AM  36    1913  54      0       57
  AVERAGE         67                        68     -1       72

PRECIPITATION (IN)
  YESTERDAY        0.00          0.47 1941   0.01  -0.01     0.00
  MONTH TO DATE    0.24                      0.19   0.05     0.45
  SINCE MAR 1      0.85                      0.45   0.40     0.63
  SINCE JAN 1      1.73                      1.31   0.42     0.63

SNOWFALL (IN)
  YESTERDAY        0.0                                       0.0
  MONTH TO DATE    0.0                                       0.0
  SINCE MAR 1      0.0                                       0.0
  SINCE JUL 1      T                                          T
  SNOW DEPTH       0

DEGREE DAYS
 HEATING
  YESTERDAY        0                         2     -2        0
  MONTH TO DATE   31                        86    -55       49
  SINCE MAR 1    219                       356   -137      226
  SINCE JUL 1   2042                      2459   -417     2014

 COOLING
  YESTERDAY        2                         4     -2        7
  MONTH TO DATE   92                        58     34       90
  SINCE MAR 1    125                        68     57      108
  SINCE JAN 1    126                        68     58      115
..................................................................


WIND (MPH)
  HIGHEST WIND SPEED    31   HIGHEST WIND DIRECTION     W (260)
  HIGHEST GUST SPEED    41   HIGHEST GUST DIRECTION    SW (240)
  AVERAGE WIND SPEED    14.2


SKY COVER
  POSSIBLE SUNSHINE  MM
  AVERAGE SKY COVER 0.2


WEATHER CONDITIONS
 THE FOLLOWING WEATHER WAS RECORDED YESTERDAY.
  NO SIGNIFICANT WEATHER WAS OBSERVED.


RELATIVE HUMIDITY (PERCENT)
 HIGHEST    41           500 AM
 LOWEST      8           400 PM
 AVERAGE    25

..........................................................


THE EL PASO CLIMATE NORMALS FOR TODAY
                         NORMAL    RECORD    YEAR
 MAXIMUM TEMPERATURE (F)   82        95      2012
 MINIMUM TEMPERATURE (F)   54        38      1997
                                             1921


SUNRISE AND SUNSET
APRIL 26 2015.........SUNRISE   625 AM MDT   SUNSET   742 PM MDT
APRIL 27 2015.........SUNRISE   624 AM MDT   SUNSET   743 PM MDT


-  INDICATES NEGATIVE NUMBERS.
R  INDICATES RECORD WAS SET OR TIED.
MM INDICATES DATA IS MISSING.
T  INDICATES TRACE AMOUNT.




$$
