000
CDUS44 KEPZ 020931
CLIELP


CLIMATE REPORT
NATIONAL WEATHER SERVICE EL PASO, TX
326 AM MDT THU APR 2 2015


...................................

...THE EL PASO CLIMATE SUMMARY FOR APRIL 1 2015...

CLIMATE NORMAL PERIOD 1981 TO 2010
CLIMATE RECORD PERIOD 1879 TO 2015


WEATHER ITEM   OBSERVED TIME   RECORD YEAR NORMAL DEPARTURE LAST
                VALUE   (LST)  VALUE       VALUE  FROM      YEAR
                                                  NORMAL
..................................................................
TEMPERATURE (F)
 YESTERDAY
  MAXIMUM         84    406 PM  88    2011  75      9       84
                                      1903
  MINIMUM         58    603 AM  28    1988  46     12       56
                                      1987
  AVERAGE         71                        60     11       70

PRECIPITATION (IN)
  YESTERDAY        0.00          0.28 2000   0.01  -0.01     0.00
  MONTH TO DATE    0.00                      0.01  -0.01     0.00
  SINCE MAR 1      0.61                      0.27   0.34     0.18
  SINCE JAN 1      1.49                      1.13   0.36     0.18

SNOWFALL (IN)
  YESTERDAY        0.0                                       0.0
  MONTH TO DATE    0.0                                       0.0
  SINCE MAR 1      0.0                                       0.0
  SINCE JUL 1      T                                          T
  SNOW DEPTH       0

DEGREE DAYS
 HEATING
  YESTERDAY        0                         5     -5        0
  MONTH TO DATE    0                         5     -5        0
  SINCE MAR 1    188                       275    -87      177
  SINCE JUL 1   2011                      2378   -367     1965

 COOLING
  YESTERDAY        6                         1      5        5
  MONTH TO DATE    6                         1      5        5
  SINCE MAR 1     39                        11     28       23
  SINCE JAN 1     40                        11     29       30
..................................................................


WIND (MPH)
  HIGHEST WIND SPEED    28   HIGHEST WIND DIRECTION     W (250)
  HIGHEST GUST SPEED    40   HIGHEST GUST DIRECTION     W (260)
  AVERAGE WIND SPEED    15.0


SKY COVER
  POSSIBLE SUNSHINE  MM
  AVERAGE SKY COVER 0.2


WEATHER CONDITIONS
 THE FOLLOWING WEATHER WAS RECORDED YESTERDAY.
  NO SIGNIFICANT WEATHER WAS OBSERVED.


RELATIVE HUMIDITY (PERCENT)
 HIGHEST    57           500 AM
 LOWEST     15           200 PM
 AVERAGE    36

..........................................................


THE EL PASO CLIMATE NORMALS FOR TODAY
                         NORMAL    RECORD    YEAR
 MAXIMUM TEMPERATURE (F)   75        92      2011
 MINIMUM TEMPERATURE (F)   47        32      1985
                                             1983
                                             1979


SUNRISE AND SUNSET
APRIL  2 2015.........SUNRISE   653 AM MDT   SUNSET   726 PM MDT
APRIL  3 2015.........SUNRISE   652 AM MDT   SUNSET   726 PM MDT


-  INDICATES NEGATIVE NUMBERS.
R  INDICATES RECORD WAS SET OR TIED.
MM INDICATES DATA IS MISSING.
T  INDICATES TRACE AMOUNT.




$$
