000
CDUS45 KLKN 270030
CLIELY


CLIMATE REPORT
NATIONAL WEATHER SERVICE ELKO NV
529 PM PDT SUN APR 26 2015


...................................

...THE ELY AIRPORT NV CLIMATE SUMMARY FOR APRIL 26 2015...
VALID TODAY AS OF 0500 PM LOCAL TIME.

CLIMATE NORMAL PERIOD 1981 TO 2010
CLIMATE RECORD PERIOD 1893 TO 2015


WEATHER ITEM   OBSERVED TIME   RECORD YEAR NORMAL DEPARTURE LAST
                VALUE   (LST)  VALUE       VALUE  FROM      YEAR
                                                  NORMAL
..................................................................
TEMPERATURE (F)
 TODAY
  MAXIMUM         50    333 PM  80    1992  61    -11       42
  MINIMUM         30    446 AM   8    1975  29      1       28
  AVERAGE         40                        45     -5       35

PRECIPITATION (IN)
  TODAY            0.00          0.90 1900   0.04  -0.04     0.50
  MONTH TO DATE    0.67                      0.81  -0.14     1.06
  SINCE OCT 1      2.72                      5.48  -2.76     5.89
  SINCE JAN 1      1.55                      3.19  -1.64     3.21

SNOWFALL (IN)
  TODAY            0.0           9.0  1900   0.1   -0.1      3.7
  MONTH TO DATE    3.7                       4.6   -0.9      6.6
  SINCE MAR 1      8.7                      12.9   -4.2     11.0
  SINCE JUL 1     19.7                      47.8  -28.1     50.1
  SNOW DEPTH       0

DEGREE DAYS
 HEATING
  TODAY           25                        20      5       30
  MONTH TO DATE  604                       600      4      531
  SINCE MAR 1   1299                      1490   -191     1364
  SINCE JUL 1   5543                      6827  -1284     6383

 COOLING
  TODAY            0                         0      0        0
  MONTH TO DATE    0                         0      0        0
  SINCE MAR 1      0                         0      0        0
  SINCE JAN 1      0                         0      0        0
..................................................................


WIND (MPH)
  HIGHEST WIND SPEED    22   HIGHEST WIND DIRECTION     N (340)
  HIGHEST GUST SPEED    26   HIGHEST GUST DIRECTION     N (340)



WEATHER CONDITIONS
 THE FOLLOWING WEATHER WAS RECORDED TODAY.
  NO SIGNIFICANT WEATHER WAS OBSERVED.


RELATIVE HUMIDITY (PERCENT)
 HIGHEST    82           200 AM
 LOWEST     24           400 PM
 AVERAGE    53

..........................................................


THE ELY AIRPORT NV CLIMATE NORMALS FOR TOMORROW
                         NORMAL    RECORD    YEAR
 MAXIMUM TEMPERATURE (F)   61        80      1992
 MINIMUM TEMPERATURE (F)   30        10      1966


SUNRISE AND SUNSET
APRIL 26 2015.........SUNRISE   547 AM PDT   SUNSET   728 PM PDT
APRIL 27 2015.........SUNRISE   546 AM PDT   SUNSET   729 PM PDT


-  INDICATES NEGATIVE NUMBERS.
R  INDICATES RECORD WAS SET OR TIED.
MM INDICATES DATA IS MISSING.
T  INDICATES TRACE AMOUNT.




$$
