000
CDAK49 PAFG 280931
CLIFAI

CLIMATE REPORT
NATIONAL WEATHER SERVICE FAIRBANKS AK
131 AM AKDT TUE APR 28 2015

...................................

...THE FAIRBANKS AK CLIMATE SUMMARY FOR APRIL 27 2015...

CLIMATE NORMAL PERIOD 1981 TO 2010
CLIMATE RECORD PERIOD 1904 TO 2015


WEATHER ITEM   OBSERVED TIME   RECORD YEAR NORMAL DEPARTURE LAST
                VALUE   (LST)  VALUE       VALUE  FROM      YEAR
                                                  NORMAL
..................................................................
TEMPERATURE (F)
 YESTERDAY
  MAXIMUM         63    153 PM  70    2005  52     11       61
  MINIMUM         39    406 AM   7    1909  29     10       32
  AVERAGE         51                        41     10       47

PRECIPITATION (IN)
  YESTERDAY        0.00          0.30 2002   0.01  -0.01     0.00
  MONTH TO DATE    0.16                      0.26  -0.10     0.20
  SINCE MAR 1      0.65                      0.51   0.14     0.41
  SINCE JAN 1      1.28                      1.51  -0.23     1.03

SNOWFALL (IN)
  YESTERDAY        0.0           2.0  1915   0.1   -0.1      0.0
  MONTH TO DATE    2.1                       2.7   -0.6      2.9
  SINCE MAR 1     10.2                       7.6    2.6      6.0
  SINCE JUL 1     43.8                      63.9  -20.1     48.9
  SNOW DEPTH       0

DEGREE DAYS
 HEATING
  YESTERDAY       14                        24    -10       18
  MONTH TO DATE  776                       904   -128      870
  SINCE MAR 1   2303                      2564   -261     2446
  SINCE JUL 1  11770                     12954  -1184    11838

 COOLING
  YESTERDAY        0                         0      0        0
  MONTH TO DATE    0                         0      0        0
  SINCE MAR 1      0                         0      0        0
  SINCE JAN 1      0                         0      0        0
..................................................................


WIND (MPH)
  HIGHEST GUST SPEED    29   HIGHEST GUST DIRECTION    NW (330)


SKY COVER
  AVERAGE SKY COVER 0.7


WEATHER CONDITIONS
 THE FOLLOWING WEATHER WAS RECORDED YESTERDAY.
  NO SIGNIFICANT WEATHER WAS OBSERVED.


RELATIVE HUMIDITY (PERCENT)
 HIGHEST    59
 LOWEST     25
 AVERAGE    42

..........................................................


THE FAIRBANKS AK CLIMATE NORMALS FOR TODAY
                         NORMAL    RECORD    YEAR
 MAXIMUM TEMPERATURE (F)   53        69      1953
 MINIMUM TEMPERATURE (F)   30         2      2013


SUNRISE AND SUNSET
APRIL 28 2015..........SUNRISE  530 AM AKDT   SUNSET  1011 PM AKDT
APRIL 29 2015..........SUNRISE  526 AM AKDT   SUNSET  1015 PM AKDT


-  INDICATES NEGATIVE NUMBERS.
R  INDICATES RECORD WAS SET OR TIED.
MM INDICATES DATA IS MISSING.
T  INDICATES TRACE AMOUNT.

&&

SNOW DEPTH IS MEASURED AT 3AM AKST/4AM AKDT

----------------------------
AVAILABLE DAYLIGHT

AMOUNT OF DAYLIGHT TODAY  (HOUR:MIN)........16:41
GAIN SINCE YESTERDAY........................7 MINUTES
----------------------------

$$
DA APR 15
