000
CDUS42 KMFL 010845
CLIFLL


CLIMATE REPORT
NATIONAL WEATHER SERVICE MIAMI, FL
445 AM EDT WED APR 1 2015


...................................

...THE FORT LAUDERDALE CLIMATE SUMMARY FOR MARCH 31 2015...

CLIMATE NORMAL PERIOD 1981 TO 2010
CLIMATE RECORD PERIOD 1839 TO 2015


WEATHER ITEM   OBSERVED TIME   RECORD YEAR NORMAL DEPARTURE LAST
                VALUE   (LST)  VALUE       VALUE  FROM      YEAR
                                                  NORMAL
..................................................................
TEMPERATURE (F)
 YESTERDAY
  MAXIMUM         80    142 PM  92    2011  81     -1       79
                                      2000
                                      1974
  MINIMUM         61    638 AM  46    1971  68     -7       60
  AVERAGE         71                        74     -3       70

PRECIPITATION (IN)
  YESTERDAY        0.00          1.70 1937   0.14  -0.14     0.00
  MONTH TO DATE    0.62                      3.36  -2.74     2.66
  SINCE NOV 1     13.07                     15.65  -2.58    20.29
  SINCE JAN 1      7.96                      9.95  -1.99     8.17

SNOWFALL (IN)
  YESTERDAY        0.0
  MONTH TO DATE    0.0
  SINCE MAR 1      0.0
  SINCE JUL 1      0.0
  SNOW DEPTH       0

DEGREE DAYS
 HEATING
  YESTERDAY        0                         0      0        0
  MONTH TO DATE    0                         7     -7        1
  SINCE MAR 1      0                         9     -9        1
  SINCE JUL 1     97                       111    -14       81

 COOLING
  YESTERDAY        6                        10     -4        5
  MONTH TO DATE  332                       254     78      272
  SINCE MAR 1    332                       254     78      272
  SINCE JAN 1    613                       610      3      660
..................................................................


WIND (MPH)
  HIGHEST WIND SPEED    14   HIGHEST WIND DIRECTION    SE (130)
  HIGHEST GUST SPEED    22   HIGHEST GUST DIRECTION     E (90)
  AVERAGE WIND SPEED     7.3


SKY COVER
  AVERAGE SKY COVER 0.1


WEATHER CONDITIONS
 THE FOLLOWING WEATHER WAS RECORDED YESTERDAY.
  NO SIGNIFICANT WEATHER WAS OBSERVED.


RELATIVE HUMIDITY (PERCENT)
 HIGHEST    84
 LOWEST     35
 AVERAGE    60

..........................................................


THE FORT LAUDERDALE CLIMATE NORMALS FOR TODAY
                         NORMAL    RECORD    YEAR
 MAXIMUM TEMPERATURE (F)   81        90      1985
                                             1939
 MINIMUM TEMPERATURE (F)   68        44      1839


SUNRISE AND SUNSET
APRIL  1 2015.........SUNRISE   712 AM EDT   SUNSET   737 PM EDT
APRIL  2 2015.........SUNRISE   711 AM EDT   SUNSET   738 PM EDT


-  INDICATES NEGATIVE NUMBERS.
R  INDICATES RECORD WAS SET OR TIED.
MM INDICATES DATA IS MISSING.
T  INDICATES TRACE AMOUNT.




$$
