000
CDUS43 KFGF 280632
CLIGFK


CLIMATE REPORT
NATIONAL WEATHER SERVICE EASTERN NORTH DAKOTA/GRAND FORKS
131 AM CDT TUE APR 28 2015


...................................

...THE GRAND FORKS INTL AP ND CLIMATE SUMMARY FOR APRIL 27 2015...

CLIMATE NORMAL PERIOD 1981 TO 2010
CLIMATE RECORD PERIOD 1941 TO 2015


WEATHER ITEM   OBSERVED TIME   RECORD YEAR NORMAL DEPARTURE LAST
                VALUE   (LST)  VALUE       VALUE  FROM      YEAR
                                                  NORMAL
..................................................................
TEMPERATURE (F)
 YESTERDAY
  MAXIMUM         68    207 PM  95    1952  61      7       45
  MINIMUM         32    457 AM   7    1909  35     -3       37
  AVERAGE         50                        48      2       41

PRECIPITATION (IN)
  YESTERDAY        0.03          0.95 1943   0.05  -0.02     0.29
  MONTH TO DATE    0.59                      0.86  -0.27     1.23
  SINCE MAR 1      0.90                      1.82  -0.92     2.16
  SINCE JAN 1      1.72                      2.89  -1.17     3.23

SNOWFALL (IN)
  YESTERDAY        0.0           3.0  1966   0.1   -0.1      0.0
  MONTH TO DATE    0.6                       2.5   -1.9      1.1
  SINCE MAR 1      2.7                       9.7   -7.0     14.6
  SINCE JUL 1     17.0                      46.9  -29.9     60.3
  SNOW DEPTH       0

DEGREE DAYS
 HEATING
  YESTERDAY       15                        17     -2       24
  MONTH TO DATE  582                       645    -63      755
  SINCE MAR 1   1629                      1880   -251     2210
  SINCE JUL 1   8546                      9030   -484    10105

 COOLING
  YESTERDAY        0                         0      0        0
  MONTH TO DATE    0                         0      0        0
  SINCE MAR 1      0                         0      0        0
  SINCE JAN 1      0                         0      0        0
..................................................................


WIND (MPH)
  HIGHEST WIND SPEED    22   HIGHEST WIND DIRECTION     N (360)
  HIGHEST GUST SPEED    28   HIGHEST GUST DIRECTION     N (350)
  AVERAGE WIND SPEED     8.2


SKY COVER
  POSSIBLE SUNSHINE  MM
  AVERAGE SKY COVER 0.7


WEATHER CONDITIONS
 THE FOLLOWING WEATHER WAS RECORDED YESTERDAY.
  LIGHT RAIN
  HAZE


RELATIVE HUMIDITY (PERCENT)
 HIGHEST    93          1100 PM
 LOWEST     40           200 PM
 AVERAGE    67

..........................................................


THE GRAND FORKS INTL AP ND CLIMATE NORMALS FOR TODAY
                         NORMAL    RECORD    YEAR
 MAXIMUM TEMPERATURE (F)   62        91      1952
 MINIMUM TEMPERATURE (F)   35        15      1950


SUNRISE AND SUNSET
APRIL 28 2015.........SUNRISE   616 AM CDT   SUNSET   837 PM CDT
APRIL 29 2015.........SUNRISE   614 AM CDT   SUNSET   839 PM CDT


-  INDICATES NEGATIVE NUMBERS.
R  INDICATES RECORD WAS SET OR TIED.
MM INDICATES DATA IS MISSING.
T  INDICATES TRACE AMOUNT.




$$
