000
CDUS44 KSHV 210745
CLIGGG


CLIMATE REPORT
NATIONAL WEATHER SERVICE SHREVEPORT, LA
245 AM CDT TUE APR 21 2015


...................................

...THE LONGVIEW CLIMATE SUMMARY FOR APRIL 20 2015...

CLIMATE NORMAL PERIOD 1981 TO 2010
CLIMATE RECORD PERIOD 1902 TO 2015


WEATHER ITEM   OBSERVED TIME   RECORD YEAR NORMAL DEPARTURE LAST
                VALUE   (LST)  VALUE       VALUE  FROM      YEAR
                                                  NORMAL
..................................................................
TEMPERATURE (F)
 YESTERDAY
  MAXIMUM         71    412 PM  92    1929  77     -6       80
  MINIMUM         50    617 AM  38    2013  55     -5       57
  AVERAGE         61                        66     -5       69

PRECIPITATION (IN)
  YESTERDAY        0.00          2.27 1979   0.10  -0.10     0.00
  MONTH TO DATE    4.72                      2.10   2.62     2.20
  SINCE DEC 1     24.07                     18.30   5.77    13.08
  SINCE JAN 1     21.77                     13.81   7.96     8.93

SNOWFALL (IN)
  YESTERDAY        0.0
  MONTH TO DATE    0.0
  SINCE MAR 1      0.2
  SINCE JUL 1      3.1
  SNOW DEPTH       0

DEGREE DAYS
 HEATING
  YESTERDAY        4                         2      2        0
  MONTH TO DATE   27                        76    -49      107
  SINCE MAR 1    296                       331    -35      455
  SINCE JUL 1   2269                      2235     34     2579

 COOLING
  YESTERDAY        0                         3     -3        4
  MONTH TO DATE   98                        48     50       52
  SINCE MAR 1    123                        75     48       62
  SINCE JAN 1    123                        87     36       67
..................................................................


WIND (MPH)
  HIGHEST WIND SPEED    20   HIGHEST WIND DIRECTION    NW (320)
  HIGHEST GUST SPEED    25   HIGHEST GUST DIRECTION    NW (310)
  AVERAGE WIND SPEED     7.5


SKY COVER
  POSSIBLE SUNSHINE  MM
  AVERAGE SKY COVER 0.0


WEATHER CONDITIONS
 THE FOLLOWING WEATHER WAS RECORDED YESTERDAY.
  NO SIGNIFICANT WEATHER WAS OBSERVED.


RELATIVE HUMIDITY (PERCENT)
 HIGHEST    83          1100 PM
 LOWEST     28           100 PM
 AVERAGE    56

..........................................................


THE LONGVIEW CLIMATE NORMALS FOR TODAY
                         NORMAL    RECORD    YEAR
 MAXIMUM TEMPERATURE (F)   78        90      2011
                                             1925
 MINIMUM TEMPERATURE (F)   55        40      1918


SUNRISE AND SUNSET
APRIL 21 2015.........SUNRISE   643 AM CDT   SUNSET   753 PM CDT
APRIL 22 2015.........SUNRISE   642 AM CDT   SUNSET   753 PM CDT


-  INDICATES NEGATIVE NUMBERS.
R  INDICATES RECORD WAS SET OR TIED.
MM INDICATES DATA IS MISSING.
T  INDICATES TRACE AMOUNT.




$$
