000
CDUS45 KGGW 180022
CLIGGW


CLIMATE REPORT
NATIONAL WEATHER SERVICE GLASGOW MT
621 PM MDT FRI APR 17 2015


...................................

...THE GLASGOW MT CLIMATE SUMMARY FOR APRIL 17 2015...
VALID TODAY AS OF 0500 PM LOCAL TIME.

CLIMATE NORMAL PERIOD 1981 TO 2010
CLIMATE RECORD PERIOD 1893 TO 2015


WEATHER ITEM   OBSERVED TIME   RECORD YEAR NORMAL DEPARTURE LAST
                VALUE   (LST)  VALUE       VALUE  FROM      YEAR
                                                  NORMAL
..................................................................
TEMPERATURE (F)
 TODAY
  MAXIMUM         71        MM  87    1931  59     12       57
  MINIMUM         33        MM  14    1989  33      0       23
  AVERAGE         52                        46      6       40

PRECIPITATION (IN)
  TODAY            0.00          0.75 1896   0.02  -0.02      T
  MONTH TO DATE    0.35                      0.39  -0.04      T
  SINCE OCT 1      3.42                      2.99   0.43     2.51
  SINCE JAN 1      2.16                      1.44   0.72     1.06

SNOWFALL (IN)
  TODAY            0.0           7.5  1896   0.0    0.0      0.0
  MONTH TO DATE    5.3                       1.3    4.0      0.0
  SINCE MAR 1      8.1                       6.0    2.1      6.6
  SINCE JUL 1     43.2                      33.0   10.2     30.4
  SNOW DEPTH       0

DEGREE DAYS
 HEATING
  TODAY           13                        19     -6       25
  MONTH TO DATE  356                       381    -25      447
  SINCE MAR 1   1127                      1415   -288     1601
  SINCE JUL 1   7211                      7785   -574     8249

 COOLING
  TODAY            0                         0      0        0
  MONTH TO DATE    0                         0      0        0
  SINCE MAR 1      0                         0      0        0
  SINCE JAN 1      0                         0      0        0
..................................................................


WIND (MPH)
  HIGHEST WIND SPEED    12   HIGHEST WIND DIRECTION     S (160)
  HIGHEST GUST SPEED    MM   HIGHEST GUST DIRECTION    MM
  AVERAGE WIND SPEED     5.1


SKY COVER
  POSSIBLE SUNSHINE  MM
  AVERAGE SKY COVER 0.0


WEATHER CONDITIONS
 THE FOLLOWING WEATHER WAS RECORDED TODAY.
  NO SIGNIFICANT WEATHER WAS OBSERVED.


RELATIVE HUMIDITY (PERCENT)
 HIGHEST    64           600 AM
 LOWEST     16           400 PM
 AVERAGE    40

..........................................................


THE GLASGOW MT CLIMATE NORMALS FOR TOMORROW
                         NORMAL    RECORD    YEAR
 MAXIMUM TEMPERATURE (F)   59        84      1936
 MINIMUM TEMPERATURE (F)   33        12      1928


SUNRISE AND SUNSET
APRIL 17 2015.........SUNRISE   613 AM MDT   SUNSET   800 PM MDT
APRIL 18 2015.........SUNRISE   611 AM MDT   SUNSET   801 PM MDT


-  INDICATES NEGATIVE NUMBERS.
R  INDICATES RECORD WAS SET OR TIED.
MM INDICATES DATA IS MISSING.
T  INDICATES TRACE AMOUNT.




$$
