000
CDUS44 KJAN 252129
CLIGLH


CLIMATE REPORT
NATIONAL WEATHER SERVICE JACKSON MS
425 PM CDT SAT APR 25 2015


...................................

...THE GREENVILLE CLIMATE SUMMARY FOR APRIL 25 2015...
VALID TODAY AS OF 0400 PM LOCAL TIME.

CLIMATE NORMAL PERIOD 1981 TO 2010
CLIMATE RECORD PERIOD 1920 TO 2015


WEATHER ITEM   OBSERVED TIME   RECORD YEAR NORMAL DEPARTURE LAST
                VALUE   (LST)  VALUE       VALUE  FROM      YEAR
                                                  NORMAL
..................................................................
TEMPERATURE (F)
 TODAY
  MAXIMUM         83    253 PM  91    1965  77      6       76
  MINIMUM         63    553 AM  37    2013  56      7       57
  AVERAGE         73                        66      7       67

PRECIPITATION (IN)
  TODAY            0.04          4.50 1958   0.15  -0.11     0.00
  MONTH TO DATE    3.95                      4.11  -0.16     8.39
  SINCE MAR 1      8.56                      8.66  -0.10    13.90
  SINCE JAN 1     15.01                     18.65  -3.64    18.20

SNOWFALL (IN)
  TODAY            0.0

DEGREE DAYS
 HEATING
  TODAY            0                         2     -2        0
  MONTH TO DATE   45                       109    -64      123
  SINCE MAR 1    366                       445    -79      557
  SINCE JUL 1   2853                      2754     99     3164

 COOLING
  TODAY            8                         3      5        2
  MONTH TO DATE   86                        45     41       47
  SINCE MAR 1     93                        62     31       52
  SINCE JAN 1     93                        67     26       52
..................................................................


WIND (MPH)
  HIGHEST WIND SPEED    21   HIGHEST WIND DIRECTION    SW (220)
  HIGHEST GUST SPEED    25   HIGHEST GUST DIRECTION    SW (230)
  AVERAGE WIND SPEED    11.3


SKY COVER
  POSSIBLE SUNSHINE  MM
  AVERAGE SKY COVER 0.6


WEATHER CONDITIONS
 THE FOLLOWING WEATHER WAS RECORDED TODAY.
  THUNDERSTORM
  LIGHT RAIN
  FOG
  HAZE


RELATIVE HUMIDITY (PERCENT)
 HIGHEST   100           600 AM
 LOWEST     69           300 PM
 AVERAGE    85

..........................................................


THE GREENVILLE CLIMATE NORMALS FOR TOMORROW
                         NORMAL    RECORD    YEAR
 MAXIMUM TEMPERATURE (F)   77        90      1925
 MINIMUM TEMPERATURE (F)   56        42      1926


SUNRISE AND SUNSET
APRIL 25 2015.........SUNRISE   622 AM CDT   SUNSET   742 PM CDT
APRIL 26 2015.........SUNRISE   621 AM CDT   SUNSET   743 PM CDT


-  INDICATES NEGATIVE NUMBERS.
R  INDICATES RECORD WAS SET OR TIED.
MM INDICATES DATA IS MISSING.
T  INDICATES TRACE AMOUNT.




$$
