000
CDUS43 KGID 250722
CLIGRI


CLIMATE REPORT
NATIONAL WEATHER SERVICE HASTINGS NE
221 AM CDT SAT APR 25 2015


...................................

...THE GRAND ISLAND NE CLIMATE SUMMARY FOR APRIL 24 2015...

CLIMATE NORMAL PERIOD 1981 TO 2010
CLIMATE RECORD PERIOD 1895 TO 2015


WEATHER ITEM   OBSERVED TIME   RECORD YEAR NORMAL DEPARTURE LAST
                VALUE   (LST)  VALUE       VALUE  FROM      YEAR
                                                  NORMAL
..................................................................
TEMPERATURE (F)
 YESTERDAY
  MAXIMUM         66    251 PM  96    2012  66      0       71
  MINIMUM         50    438 AM  22    1956  41      9       48
  AVERAGE         58                        54      4       60

PRECIPITATION (IN)
  YESTERDAY        T             2.67 2007   0.10  -0.10     0.65
  MONTH TO DATE    1.76                      1.91  -0.15     2.65
  SINCE MAR 1      1.92                      3.71  -1.79     2.84
  SINCE JAN 1      3.09                      4.92  -1.83     3.49

SNOWFALL (IN)
  YESTERDAY        0.0           2.8  1931   0.0    0.0      0.0
  MONTH TO DATE    0.8                       1.4   -0.6      1.7
  SINCE MAR 1      1.4                       6.8   -5.4      2.9
  SINCE JUL 1     24.3                      28.9   -4.6     16.4
  SNOW DEPTH       0

DEGREE DAYS
 HEATING
  YESTERDAY        7                        12     -5        5
  MONTH TO DATE  305                       380    -75      327
  SINCE MAR 1    953                      1176   -223     1181
  SINCE JUL 1   5690                      5937   -247     6016

 COOLING
  YESTERDAY        0                         1     -1        0
  MONTH TO DATE    4                         5     -1        4
  SINCE MAR 1      4                         5     -1        4
  SINCE JAN 1      4                         5     -1        4
..................................................................


WIND (MPH)
  HIGHEST WIND SPEED    17   HIGHEST WIND DIRECTION     S (160)
  HIGHEST GUST SPEED    23   HIGHEST GUST DIRECTION    SE (150)
  AVERAGE WIND SPEED     9.3


SKY COVER
  AVERAGE SKY COVER 0.8


WEATHER CONDITIONS
 THE FOLLOWING WEATHER WAS RECORDED YESTERDAY.
  LIGHT RAIN
  FOG
  HAZE


RELATIVE HUMIDITY (PERCENT)
 HIGHEST    93           800 AM
 LOWEST     59          1200 AM
 AVERAGE    76

..........................................................


THE GRAND ISLAND NE CLIMATE NORMALS FOR TODAY
                         NORMAL    RECORD    YEAR
 MAXIMUM TEMPERATURE (F)   66        92      1981
 MINIMUM TEMPERATURE (F)   42        27      2002


SUNRISE AND SUNSET
APRIL 25 2015.........SUNRISE   640 AM CDT   SUNSET   823 PM CDT
APRIL 26 2015.........SUNRISE   638 AM CDT   SUNSET   824 PM CDT


-  INDICATES NEGATIVE NUMBERS.
R  INDICATES RECORD WAS SET OR TIED.
MM INDICATES DATA IS MISSING.
T  INDICATES TRACE AMOUNT.




$$
