000
CDUS42 KRAH 020802
CLIGSO


CLIMATE REPORT
NATIONAL WEATHER SERVICE RALEIGH NC
401 AM EDT THU APR 2 2015


...................................

...THE PIEDMONT TRIAD INTL AIRPORT NC CLIMATE SUMMARY FOR APRIL 1 2015...

CLIMATE NORMAL PERIOD 1981 TO 2010
CLIMATE RECORD PERIOD 1903 TO 2015


WEATHER ITEM   OBSERVED TIME   RECORD YEAR NORMAL DEPARTURE LAST
                VALUE   (LST)  VALUE       VALUE  FROM      YEAR
                                                  NORMAL
..................................................................
TEMPERATURE (F)
 YESTERDAY
  MAXIMUM         67    517 PM  90    1910  66      1       80
  MINIMUM         51   1159 PM  20    1923  43      8       42
  AVERAGE         59                        55      4       61

PRECIPITATION (IN)
  YESTERDAY        0.00          1.31 1927   0.13  -0.13     0.00
  MONTH TO DATE    0.00                      0.13  -0.13     0.00
  SINCE MAR 1      2.72                      3.86  -1.14     4.36
  SINCE JAN 1      7.40                      9.88  -2.48    10.58

SNOWFALL (IN)
  YESTERDAY        0.0           T    1993   0.0    0.0      0.0
  MONTH TO DATE    0.0                       0.0    0.0      0.0
  SINCE MAR 1      T                         0.8   -0.8      4.7
  SINCE JUL 1      9.6                       7.5    2.1     15.3
  SNOW DEPTH       0

DEGREE DAYS
 HEATING
  YESTERDAY        6                        11     -5        4
  MONTH TO DATE    6                        11     -5        4
  SINCE MAR 1    434                       481    -47      631
  SINCE JUL 1   3519                      3336    183     3608

 COOLING
  YESTERDAY        0                         0      0        0
  MONTH TO DATE    0                         0      0        0
  SINCE MAR 1      2                         5     -3        0
  SINCE JAN 1      2                         5     -3        0
..................................................................


WIND (MPH)
  HIGHEST WIND SPEED    15   HIGHEST WIND DIRECTION    NE (40)
  HIGHEST GUST SPEED    21   HIGHEST GUST DIRECTION     N (340)
  AVERAGE WIND SPEED     7.2


SKY COVER
  POSSIBLE SUNSHINE  MM
  AVERAGE SKY COVER 0.1


WEATHER CONDITIONS
 THE FOLLOWING WEATHER WAS RECORDED YESTERDAY.
  NO SIGNIFICANT WEATHER WAS OBSERVED.


RELATIVE HUMIDITY (PERCENT)
 HIGHEST    48           600 AM
 LOWEST     20           400 PM
 AVERAGE    34

..........................................................


THE PIEDMONT TRIAD INTL AIRPORT NC CLIMATE NORMALS FOR TODAY
                         NORMAL    RECORD    YEAR
 MAXIMUM TEMPERATURE (F)   66        87      2010
                                             1967
 MINIMUM TEMPERATURE (F)   44        24      1923


SUNRISE AND SUNSET
APRIL  2 2015.........SUNRISE   705 AM EDT   SUNSET   742 PM EDT
APRIL  3 2015.........SUNRISE   704 AM EDT   SUNSET   743 PM EDT


-  INDICATES NEGATIVE NUMBERS.
R  INDICATES RECORD WAS SET OR TIED.
MM INDICATES DATA IS MISSING.
T  INDICATES TRACE AMOUNT.




$$
