000
CDUS42 KRAH 182036
CLIGSO


CLIMATE REPORT
NATIONAL WEATHER SERVICE RALEIGH NC
435 PM EDT SAT APR 18 2015


...................................

...THE PIEDMONT TRIAD INTL AIRPORT NC CLIMATE SUMMARY FOR APRIL 18 2015...
VALID TODAY AS OF 0435 PM LOCAL TIME.

CLIMATE NORMAL PERIOD 1981 TO 2010
CLIMATE RECORD PERIOD 1903 TO 2015


WEATHER ITEM   OBSERVED TIME   RECORD YEAR NORMAL DEPARTURE LAST
                VALUE   (LST)  VALUE       VALUE  FROM      YEAR
                                                  NORMAL
..................................................................
TEMPERATURE (F)
 TODAY
  MAXIMUM         78    126 PM  90    1976  71      7       57
  MINIMUM         59    545 AM  30    1956  48     11       40
                                      1905
  AVERAGE         69                        60      9       49

PRECIPITATION (IN)
  TODAY            T             0.76 1969   0.12  -0.12     0.04
  MONTH TO DATE    1.50                      2.16  -0.66     3.60
  SINCE MAR 1      4.22                      5.89  -1.67     7.96
  SINCE JAN 1      8.90                     11.91  -3.01    14.18

SNOWFALL (IN)
  TODAY            0.0           T    1983   0.0    0.0      0.0
  MONTH TO DATE    0.0                       0.1   -0.1      0.0
  SINCE MAR 1      T                         0.9   -0.9      4.7
  SINCE JUL 1      9.6                       7.6    2.0     15.3
  SNOW DEPTH       0

DEGREE DAYS
 HEATING
  TODAY            0                         7     -7       16
  MONTH TO DATE   68                       157    -89      128
  SINCE MAR 1    496                       627   -131      755
  SINCE JUL 1   3581                      3482     99     3732

 COOLING
  TODAY            4                         1      3        0
  MONTH TO DATE   30                        17     13       15
  SINCE MAR 1     32                        22     10       15
  SINCE JAN 1     32                        22     10       15
..................................................................


WIND (MPH)
  HIGHEST WIND SPEED    17   HIGHEST WIND DIRECTION    NE (50)
  HIGHEST GUST SPEED    26   HIGHEST GUST DIRECTION     S (180)
  AVERAGE WIND SPEED     5.2


SKY COVER
  POSSIBLE SUNSHINE  MM
  AVERAGE SKY COVER 0.8


WEATHER CONDITIONS
 THE FOLLOWING WEATHER WAS RECORDED TODAY.
  FOG
  FOG W/VISIBILITY <= 1/4 MILE


RELATIVE HUMIDITY (PERCENT)
 HIGHEST   100           200 AM
 LOWEST     50           200 PM
 AVERAGE    75

..........................................................


THE PIEDMONT TRIAD INTL AIRPORT NC CLIMATE NORMALS FOR TOMORROW
                         NORMAL    RECORD    YEAR
 MAXIMUM TEMPERATURE (F)   71        92      1917
 MINIMUM TEMPERATURE (F)   48        26      1983


SUNRISE AND SUNSET
APRIL 18 2015.........SUNRISE   643 AM EDT   SUNSET   756 PM EDT
APRIL 19 2015.........SUNRISE   642 AM EDT   SUNSET   757 PM EDT


-  INDICATES NEGATIVE NUMBERS.
R  INDICATES RECORD WAS SET OR TIED.
MM INDICATES DATA IS MISSING.
T  INDICATES TRACE AMOUNT.




$$
