000
CDUS41 KGYX 260814
CLIGYX


CLIMATE REPORT
NATIONAL WEATHER SERVICE GRAY ME
414 AM EDT SUN APR 26 2015


...................................

...THE GRAY ME CLIMATE SUMMARY FOR APRIL 25 2015...

CLIMATE NORMAL PERIOD 1981 TO 2010
CLIMATE RECORD PERIOD 1995 TO 2015


WEATHER ITEM   OBSERVED TIME   RECORD YEAR NORMAL DEPARTURE LAST
                VALUE   (LST)  VALUE       VALUE  FROM      YEAR
                                                  NORMAL
..................................................................
TEMPERATURE (F)
 YESTERDAY
  MAXIMUM         50        MM  MM      MM  58     -8       62
  MINIMUM         33        MM  MM      MM  39     -6       37
  AVERAGE         42                        48     -6       50

PRECIPITATION (IN)
  YESTERDAY        T            MM      MM   0.14  -0.14     0.00
  MONTH TO DATE    3.38                      3.65  -0.27     2.59
  SINCE MAR 1      4.90                      7.82  -2.92     6.47
  SINCE JAN 1     10.87                     14.66  -3.79    13.46

SNOWFALL (IN)
  YESTERDAY        T            MM      MM   0.0    0.0      0.0
  MONTH TO DATE    3.0                       4.6   -1.6      1.2
  SINCE MAR 1      8.2                      24.5  -16.3      8.9
  SINCE JUL 1    107.3                      83.6   23.7     83.0
  SNOW DEPTH       0

DEGREE DAYS
 HEATING
  YESTERDAY       23                        17      6       15
  MONTH TO DATE  541                       544     -3      554
  SINCE MAR 1   1676                      1537    139     1780
  SINCE JUL 1   7152                      6695    457     7190

 COOLING
  YESTERDAY        0                         0      0        0
  MONTH TO DATE    0                         0      0        0
  SINCE MAR 1      0                         0      0        0
  SINCE JAN 1      0                         0      0        0
..................................................................







THE GRAY ME CLIMATE NORMALS FOR TODAY
                         NORMAL
 MAXIMUM TEMPERATURE (F)   58
 MINIMUM TEMPERATURE (F)   39


SUNRISE AND SUNSET
APRIL 26 2015.........SUNRISE   541 AM EDT   SUNSET   738 PM EDT
APRIL 27 2015.........SUNRISE   539 AM EDT   SUNSET   739 PM EDT


-  INDICATES NEGATIVE NUMBERS.
R  INDICATES RECORD WAS SET OR TIED.
MM INDICATES DATA IS MISSING.
T  INDICATES TRACE AMOUNT.




$$
