000
CDUS44 KJAN 030820
CLIHBG


CLIMATE REPORT
NATIONAL WEATHER SERVICE JACKSON MS
318 AM CDT SUN MAY 3 2015


...................................

...THE HATTIESBURG CLIMATE SUMMARY FOR MAY 2 2015...

CLIMATE NORMAL PERIOD 1981 TO 2010
CLIMATE RECORD PERIOD 1948 TO 2015


WEATHER ITEM   OBSERVED TIME   RECORD YEAR NORMAL DEPARTURE LAST
                VALUE   (LST)  VALUE       VALUE  FROM      YEAR
                                                  NORMAL
..................................................................
TEMPERATURE (F)
 YESTERDAY
  MAXIMUM         82    342 PM  94    2002  82      0       74
  MINIMUM         46    546 AM  45    2005  58    -12       51
  AVERAGE         64                        70     -6       63

PRECIPITATION (IN)
  YESTERDAY        0.00          2.75 1967   0.16  -0.16     0.00
  MONTH TO DATE    0.00                      0.30  -0.30     0.00
  SINCE MAR 1      9.08                     10.73  -1.65    12.61
  SINCE JAN 1     16.91                     21.86  -4.95    22.51

SNOWFALL (IN)
  YESTERDAY        0.0

DEGREE DAYS
 HEATING
  YESTERDAY        1                         1      0        2
  MONTH TO DATE    1                         2     -1        6
  SINCE MAR 1    131                       302   -171      348
  SINCE JUL 1   1912                      1980    -68     2271

 COOLING
  YESTERDAY        0                         6     -6        0
  MONTH TO DATE    1                        11    -10        0
  SINCE MAR 1    274                       136    138      108
  SINCE JAN 1    280                       151    129      125
..................................................................


WIND (MPH)
  HIGHEST WIND SPEED     9   HIGHEST WIND DIRECTION     S (160)
  HIGHEST GUST SPEED    12   HIGHEST GUST DIRECTION     S (170)
  AVERAGE WIND SPEED     1.2


SKY COVER
  POSSIBLE SUNSHINE  MM
  AVERAGE SKY COVER 0.0


WEATHER CONDITIONS
 THE FOLLOWING WEATHER WAS RECORDED YESTERDAY.
  NO SIGNIFICANT WEATHER WAS OBSERVED.


RELATIVE HUMIDITY (PERCENT)
 HIGHEST    93           300 AM
 LOWEST     21           400 PM
 AVERAGE    57

..........................................................


THE HATTIESBURG CLIMATE NORMALS FOR TODAY
                         NORMAL    RECORD    YEAR
 MAXIMUM TEMPERATURE (F)   83        91      2002
 MINIMUM TEMPERATURE (F)   58        44      2004


SUNRISE AND SUNSET
MAY  3 2015...........SUNRISE   611 AM CDT   SUNSET   738 PM CDT
MAY  4 2015...........SUNRISE   610 AM CDT   SUNSET   738 PM CDT


-  INDICATES NEGATIVE NUMBERS.
R  INDICATES RECORD WAS SET OR TIED.
MM INDICATES DATA IS MISSING.
T  INDICATES TRACE AMOUNT.




$$
