000
CDUS46 KHNX 030821
CLIHJO


CLIMATE REPORT
NATIONAL WEATHER SERVICE SAN JOAQUIN VALLEY, CA
121 AM PDT SUN MAY 3 2015


...................................

...THE HANFORD CA CLIMATE SUMMARY FOR MAY 2 2015...

CLIMATE NORMAL PERIOD 1981 TO 2010
CLIMATE RECORD PERIOD 1998 TO 2015


WEATHER ITEM   OBSERVED TIME   RECORD YEAR NORMAL DEPARTURE
                VALUE   (LST)  VALUE       VALUE  FROM
                                                  NORMAL
...............................................................
TEMPERATURE (F)
 YESTERDAY
  MAXIMUM         94    417 PM  95    2014  80     14
                                      2004
  MINIMUM         54    514 AM  42    2008  51      3
  AVERAGE         74                        65      9

PRECIPITATION (IN)
  YESTERDAY        0.00          0.20 1998   0.02  -0.02
  MONTH TO DATE    0.00                      0.04  -0.04
  SINCE OCT 1      4.97                      9.36  -4.39
  SINCE JAN 1      1.85                      6.23  -4.38

SNOWFALL (IN)
  YESTERDAY        0.0
  MONTH TO DATE    0.0
  SINCE MAR 1      0.0
  SINCE JUL 1      0.0
  SNOW DEPTH       0

DEGREE DAYS
 HEATING
  YESTERDAY        0
  MONTH TO DATE    0
  SINCE MAR 1    150
  SINCE JUL 1   1692

 COOLING
  YESTERDAY        9
  MONTH TO DATE   23
  SINCE MAR 1    176
  SINCE JAN 1    176
...............................................................


WIND (MPH)
  HIGHEST WIND SPEED    16   HIGHEST WIND DIRECTION    SW (240)
  HIGHEST GUST SPEED    21   HIGHEST GUST DIRECTION     S (160)
  AVERAGE WIND SPEED     4.3




RELATIVE HUMIDITY (PERCENT)
 HIGHEST    62
 LOWEST      6
 AVERAGE    34

..........................................................


THE HANFORD CA CLIMATE NORMALS FOR TODAY
                         NORMAL    RECORD    YEAR
 MAXIMUM TEMPERATURE (F)   80        99      2004
 MINIMUM TEMPERATURE (F)   51        47      2007


SUNRISE AND SUNSET
MAY  3 2015...........SUNRISE   603 AM PDT   SUNSET   748 PM PDT
MAY  4 2015...........SUNRISE   602 AM PDT   SUNSET   749 PM PDT


-  INDICATES NEGATIVE NUMBERS.
R  INDICATES RECORD WAS SET OR TIED.
MM INDICATES DATA IS MISSING.
T  INDICATES TRACE AMOUNT.




$$
