000
CDUS44 KHGX 191314
CLIHOU

CLIMATE REPORT
NATIONAL WEATHER SERVICE HOUSTON/GALVESTON TX
810 AM CDT SUN APR 19 2015


...MORNING CLIMATE DATA...

                            MORNING LOW    PRECIP SINCE MIDNIGHT
HOUSTON INTERCONTINENTAL         58                0.01
GALVESTON SCHOLES FIELD          64                0.00
BRYAN/COLLEGE STATION            57                 T
HOUSTON HOBBY                    60                0.00
...................................

...THE HOUSTON INTERCONTINENTAL CLIMATE SUMMARY FOR APRIL 18 2015...

CLIMATE NORMAL PERIOD 1981 TO 2010
CLIMATE RECORD PERIOD 1892 TO 2015


WEATHER ITEM   OBSERVED TIME   RECORD YEAR NORMAL DEPARTURE LAST
                VALUE   (LST)  VALUE       VALUE  FROM      YEAR
                                                  NORMAL
..................................................................
TEMPERATURE (F)
 YESTERDAY
  MAXIMUM         78    155 PM  94    1987  80     -2       79
  MINIMUM         66   1159 PM  42    1999  60      6       58
  AVERAGE         72                        70      2       69

PRECIPITATION (IN)
  YESTERDAY        0.09          8.16 1976   0.11  -0.02     0.00
  MONTH TO DATE    5.33                      1.85   3.48     1.56
  SINCE MAR 1     11.67                      5.26   6.41     4.01
  SINCE JAN 1     15.50                     11.84   3.66     7.36

SNOWFALL (IN)
  YESTERDAY        0.0          MM      MM
  MONTH TO DATE    0.0
  SINCE MAR 1      0.0
  SINCE JUL 1      0.0

DEGREE DAYS
 HEATING
  YESTERDAY        0                         1     -1        0
  MONTH TO DATE    3                        30    -27       41
  SINCE MAR 1    142                       171    -29      255
  SINCE JUL 1   1461                      1359    102     1735

 COOLING
  YESTERDAY        7                         6      1        4
  MONTH TO DATE  152                        87     65       71
  SINCE MAR 1    220                       158     62      103
  SINCE JAN 1    230                       196     34      137
..................................................................


WIND (MPH)
  HIGHEST WIND SPEED    22   HIGHEST WIND DIRECTION    NW (310)
  HIGHEST GUST SPEED    28   HIGHEST GUST DIRECTION    NW (310)




RELATIVE HUMIDITY (PERCENT)
 HIGHEST    97
 LOWEST     73
 AVERAGE    85

..........................................................


THE HOUSTON INTERCONTINENTAL CLIMATE NORMALS FOR TODAY
                         NORMAL    RECORD    YEAR
 MAXIMUM TEMPERATURE (F)   80        92      2011
                                             1987
 MINIMUM TEMPERATURE (F)   60        40      1901


SUNRISE AND SUNSET
APRIL 19 2015.........SUNRISE   651 AM CDT   SUNSET   751 PM CDT
APRIL 20 2015.........SUNRISE   649 AM CDT   SUNSET   752 PM CDT


-  INDICATES NEGATIVE NUMBERS.
R  INDICATES RECORD WAS SET OR TIED.
MM INDICATES DATA IS MISSING.
T  INDICATES TRACE AMOUNT.


&&

...................................

...THE HOUSTON/HOBBY AIRPORT CLIMATE SUMMARY FOR APRIL 18 2015...

CLIMATE NORMAL PERIOD 1981 TO 2010
CLIMATE RECORD PERIOD 1930 TO 2015


WEATHER ITEM   OBSERVED TIME   RECORD YEAR NORMAL DEPARTURE LAST
                VALUE   (LST)  VALUE       VALUE  FROM      YEAR
                                                  NORMAL
..................................................................
TEMPERATURE (F)
 YESTERDAY
  MAXIMUM         77    323 PM  91    1987  79     -2       79
  MINIMUM         65    947 PM  46    1940  62      3       58
  AVERAGE         71                        70      1       69

PRECIPITATION (IN)
  YESTERDAY        0.20          5.15 2009   0.11   0.09     0.00
  MONTH TO DATE    7.51                      1.83   5.68     1.30
  SINCE MAR 1     13.89                      5.03   8.86     3.84
  SINCE JAN 1     19.77                     12.11   7.66     6.46

SNOWFALL (IN)
  YESTERDAY        0.0          MM      MM
  MONTH TO DATE    0.0
  SINCE MAR 1      0.0
  SINCE JUL 1      0.0

DEGREE DAYS
 HEATING
  YESTERDAY        0                         1     -1        0
  MONTH TO DATE    0                        25    -25       31
  SINCE MAR 1    115                       146    -31      218
  SINCE JUL 1   1300                      1216     84     1545

 COOLING
  YESTERDAY        6                         6      0        4
  MONTH TO DATE  158                        87     71       65
  SINCE MAR 1    233                       156     77      103
  SINCE JAN 1    243                       194     49      142
..................................................................


WIND (MPH)
  HIGHEST WIND SPEED    28   HIGHEST WIND DIRECTION    NW (320)
  HIGHEST GUST SPEED    33   HIGHEST GUST DIRECTION    NW (320)




RELATIVE HUMIDITY (PERCENT)
 HIGHEST    97
 LOWEST     68
 AVERAGE    83

..........................................................


THE HOUSTON/HOBBY AIRPORT CLIMATE NORMALS FOR TODAY
                         NORMAL    RECORD    YEAR
 MAXIMUM TEMPERATURE (F)   80        88      2011
                                             1984
                                             1972
 MINIMUM TEMPERATURE (F)   62        40      1940


SUNRISE AND SUNSET
APRIL 19 2015.........SUNRISE   651 AM CDT   SUNSET   750 PM CDT
APRIL 20 2015.........SUNRISE   650 AM CDT   SUNSET   751 PM CDT


-  INDICATES NEGATIVE NUMBERS.
R  INDICATES RECORD WAS SET OR TIED.
MM INDICATES DATA IS MISSING.
T  INDICATES TRACE AMOUNT.

...MISCELLANEOUS CLIMATE DATA FOR YESTERDAY...

LOCATION                        HIGH    LOW     PRECIP
PEARLAND                         78      66      0.39
SUGAR LAND                       77      64      0.10
TOMBALL                          79      65      0.02
CONROE                           77      62      0.02
HUNTSVILLE                       78      61      0.13
ANGLETON/LAKE JACKSON            74      63      0.27
PALACIOS                         73      65      0.34
LEAGUE CITY (NWS)                76      65      0.18


THIS PRODUCT...ALONG WITH OTHER WEATHER...HYDROLOGIC...AND CLIMATE
PRODUCTS...IS AVAILABLE ON THE WEB AT HTTP://WWW.SRH.NOAA.GOV/HGX
OR AT HTTP://WEATHER.GOV


$$
