000
CDUS46 KSEW 210828
CLIHQM


CLIMATE REPORT
NATIONAL WEATHER SERVICE SEATTLE WA
127 AM PDT TUE APR 21 2015


...................................

...THE HOQUIAM WA AIRPORT CLIMATE SUMMARY FOR APRIL 20 2015...

CLIMATE NORMAL PERIOD 1981 TO 2010
CLIMATE RECORD PERIOD 1953 TO 2015


WEATHER ITEM   OBSERVED TIME   RECORD YEAR NORMAL DEPARTURE LAST
                VALUE   (LST)  VALUE       VALUE  FROM      YEAR
                                                  NORMAL
..................................................................
TEMPERATURE (F)
 YESTERDAY
  MAXIMUM         66    100 PM  83    1956  56     10       57
  MINIMUM         42    609 AM  32    2011  42      0       42
                                      1961
  AVERAGE         54                        49      5       50

PRECIPITATION (IN)
  YESTERDAY        0.00          0.73 1972   0.17  -0.17     0.00
  MONTH TO DATE    2.46                      3.64  -1.18     3.27
  SINCE OCT 1     56.49                     55.83   0.66    43.97
  SINCE JAN 1     25.07                     28.17  -3.10    31.86

DEGREE DAYS
 HEATING
  YESTERDAY       11                        16     -5       15
  MONTH TO DATE  338                       337      1      311
  SINCE MAR 1    801                       926   -125      848

 COOLING
  YESTERDAY        0                         0      0        0
  MONTH TO DATE    0                         0      0        0
  SINCE MAR 1      0                         0      0        0
  SINCE JAN 1      0                         0      0        0
..................................................................


WIND (MPH)
  RESULTANT WIND SPEED   4   RESULTANT WIND DIRECTION  SW (240)
  HIGHEST WIND SPEED    16   HIGHEST WIND DIRECTION    SW (240)
  HIGHEST GUST SPEED    19   HIGHEST GUST DIRECTION    SW (240)
  AVERAGE WIND SPEED     6.5


SKY COVER
  AVERAGE SKY COVER 0.0


WEATHER CONDITIONS
 THE FOLLOWING WEATHER WAS RECORDED YESTERDAY.
  FOG


RELATIVE HUMIDITY (PERCENT)
 HIGHEST   100           500 AM
 LOWEST     56           100 PM
 AVERAGE    78

..........................................................


THE HOQUIAM WA AIRPORT CLIMATE NORMALS FOR TODAY
                         NORMAL    RECORD    YEAR
 MAXIMUM TEMPERATURE (F)   56        75      1982
 MINIMUM TEMPERATURE (F)   42        31      1975
                                             1968


SUNRISE AND SUNSET
APRIL 21 2015.........SUNRISE   617 AM PDT   SUNSET   812 PM PDT
APRIL 22 2015.........SUNRISE   616 AM PDT   SUNSET   814 PM PDT


-  INDICATES NEGATIVE NUMBERS.
R  INDICATES RECORD WAS SET OR TIED.
MM INDICATES DATA IS MISSING.
T  INDICATES TRACE AMOUNT.




$$
