000
CDUS44 KBRO 030636
CLIHRL


CLIMATE REPORT
NATIONAL WEATHER SERVICE BROWNSVILLE TX
135 AM CDT SUN MAY 3 2015


...................................

...THE HARLINGEN CLIMATE SUMMARY FOR MAY 2 2015...

CLIMATE NORMAL PERIOD 1981 TO 2010
CLIMATE RECORD PERIOD 1912 TO 2015


WEATHER ITEM   OBSERVED TIME   RECORD YEAR NORMAL DEPARTURE LAST
                VALUE   (LST)  VALUE       VALUE  FROM      YEAR
                                                  NORMAL
..................................................................
TEMPERATURE (F)
 YESTERDAY
  MAXIMUM         86    222 PM 103    1953  88     -2       81
  MINIMUM         59    609 AM  52    1976  69    -10       56
  AVERAGE         73                        78     -5       69

PRECIPITATION (IN)
  YESTERDAY        0.00          1.02 1966   0.07  -0.07      T
  MONTH TO DATE    0.00                      0.14  -0.14      T
  SINCE MAR 1      6.79                      3.10   3.69     1.95
  SINCE JAN 1      9.71                      5.57   4.14     2.95

SNOWFALL (IN)
  YESTERDAY        0.0
  MONTH TO DATE    0.0
  SINCE MAR 1      0.0
  SINCE JUL 1      0.0

DEGREE DAYS
 HEATING
  YESTERDAY        0                         0      0        0
  MONTH TO DATE    0                         0      0        0
  SINCE MAR 1     74                        54     20      119
  SINCE JUL 1    767                       622    145      930

 COOLING
  YESTERDAY        8                        13     -5        4
  MONTH TO DATE   15                        26    -11        6
  SINCE MAR 1    515                       515      0      417
  SINCE JAN 1    574                       640    -66      528
..................................................................


WIND (MPH)
  HIGHEST WIND SPEED    22   HIGHEST WIND DIRECTION     E (110)
  HIGHEST GUST SPEED    29   HIGHEST GUST DIRECTION    SE (120)
  AVERAGE WIND SPEED     9.5



WEATHER CONDITIONS
 THE FOLLOWING WEATHER WAS RECORDED YESTERDAY.
  FOG


RELATIVE HUMIDITY (PERCENT)
 HIGHEST   100
 LOWEST     51
 AVERAGE    76

..........................................................


THE HARLINGEN CLIMATE NORMALS FOR TODAY
                         NORMAL    RECORD    YEAR
 MAXIMUM TEMPERATURE (F)   89       100      2002
 MINIMUM TEMPERATURE (F)   69        46      1976


SUNRISE AND SUNSET
MAY  3 2015...........SUNRISE   652 AM CDT   SUNSET   803 PM CDT
MAY  4 2015...........SUNRISE   651 AM CDT   SUNSET   804 PM CDT


-  INDICATES NEGATIVE NUMBERS.
R  INDICATES RECORD WAS SET OR TIED.
MM INDICATES DATA IS MISSING.
T  INDICATES TRACE AMOUNT.




$$
