000
CDUS42 KMHX 210526
CLIHSE


CLIMATE REPORT
NATIONAL WEATHER SERVICE NEWPORT/MOREHEAD CITY NC
126 AM EDT TUE APR 21 2015


...................................

...THE CAPE HATTERAS NC CLIMATE SUMMARY FOR APRIL 20 2015...

CLIMATE NORMAL PERIOD 1981 TO 2010
CLIMATE RECORD PERIOD 1874 TO 2015


WEATHER ITEM   OBSERVED TIME   RECORD YEAR NORMAL DEPARTURE LAST
                VALUE   (LST)  VALUE       VALUE  FROM      YEAR
                                                  NORMAL
..................................................................
TEMPERATURE (F)
 YESTERDAY
  MAXIMUM         72    117 PM  81    1992  67      5       57
                                      1985
  MINIMUM         66   1159 PM  33    1979  54     12       49
  AVERAGE         69                        61      8       53

PRECIPITATION (IN)
  YESTERDAY        0.04          1.97 2008   0.12  -0.08     0.76
  MONTH TO DATE    1.75                      2.52  -0.77     4.31
  SINCE MAR 1      4.30                      7.29  -2.99     9.79
  SINCE JAN 1     16.25                     16.55  -0.30    19.88

SNOWFALL (IN)
  YESTERDAY        0.0
  MONTH TO DATE    0.0
  SINCE NOV 1      2.0
  SINCE JUL 1      2.0
  SNOW DEPTH       0

DEGREE DAYS
 HEATING
  YESTERDAY        0                         5     -5       12
  MONTH TO DATE   79                       148    -69      137
  SINCE MAR 1    499                       567    -68      640
  SINCE JUL 1   2672                      2491    181     2473

 COOLING
  YESTERDAY        4                         1      3        0
  MONTH TO DATE   16                        11      5       11
  SINCE MAR 1     17                        14      3       11
  SINCE JAN 1     19                        14      5       11
..................................................................


WIND (MPH)
  HIGHEST WIND SPEED    28   HIGHEST WIND DIRECTION     S (170)
  HIGHEST GUST SPEED    37   HIGHEST GUST DIRECTION     S (170)
  AVERAGE WIND SPEED    14.8


SKY COVER
  POSSIBLE SUNSHINE  MM
  AVERAGE SKY COVER 0.4


WEATHER CONDITIONS
 THE FOLLOWING WEATHER WAS RECORDED YESTERDAY.
  LIGHT RAIN


RELATIVE HUMIDITY (PERCENT)
 HIGHEST   100           200 AM
 LOWEST     79           200 PM
 AVERAGE    90

..........................................................


THE CAPE HATTERAS NC CLIMATE NORMALS FOR TODAY
                         NORMAL    RECORD    YEAR
 MAXIMUM TEMPERATURE (F)   68        85      1985
 MINIMUM TEMPERATURE (F)   54        34      1983


SUNRISE AND SUNSET
APRIL 21 2015.........SUNRISE   623 AM EDT   SUNSET   740 PM EDT
APRIL 22 2015.........SUNRISE   622 AM EDT   SUNSET   741 PM EDT


-  INDICATES NEGATIVE NUMBERS.
R  INDICATES RECORD WAS SET OR TIED.
MM INDICATES DATA IS MISSING.
T  INDICATES TRACE AMOUNT.




$$
