000
CDUS41 KRLX 260726
CLIHTS


CLIMATE REPORT
NATIONAL WEATHER SERVICE CHARLESTON WV
319 AM EDT SUN APR 26 2015


...................................

...THE HUNTINGTON WV CLIMATE SUMMARY FOR APRIL 25 2015...

CLIMATE NORMAL PERIOD 1981 TO 2010
CLIMATE RECORD PERIOD 1897 TO 2015


WEATHER ITEM   OBSERVED TIME   RECORD YEAR NORMAL DEPARTURE LAST
                VALUE   (LST)  VALUE       VALUE  FROM      YEAR
                                                  NORMAL
..................................................................
TEMPERATURE (F)
 YESTERDAY
  MAXIMUM         50    256 AM  91    1960  71    -21       65
  MINIMUM         43   1106 PM  28    1967  47     -4       48
  AVERAGE         47                        59    -12       57

PRECIPITATION (IN)
  YESTERDAY        0.64          1.96 1908   0.13   0.51     0.86
  MONTH TO DATE    7.37                      2.83   4.54     2.20
  SINCE JAN 1     19.14                     12.77   6.37    12.67

SNOWFALL (IN)
  YESTERDAY        0.0
  MONTH TO DATE    0.0
  SINCE SEP 1     36.6
  SNOW DEPTH       0

DEGREE DAYS
 HEATING
  YESTERDAY       18                         7     11        8
  MONTH TO DATE  207                       259    -52      195
  SINCE MAR 1    836                       855    -19      935
  SINCE JUL 1   4852                      4356    496     4696

 COOLING
  YESTERDAY        0                         1     -1        0
  MONTH TO DATE    9                        24    -15       14
  SINCE MAR 1      9                        29    -20       14
  SINCE JAN 1      9                        29    -20       14
..................................................................


WIND (MPH)
  HIGHEST WIND SPEED    16   HIGHEST WIND DIRECTION    NE (30)
  HIGHEST GUST SPEED    24   HIGHEST GUST DIRECTION     N (20)
  AVERAGE WIND SPEED     6.1


SKY COVER
  POSSIBLE SUNSHINE  MM


WEATHER CONDITIONS
 THE FOLLOWING WEATHER WAS RECORDED YESTERDAY.
  HEAVY RAIN
  RAIN
  LIGHT RAIN
  FOG


RELATIVE HUMIDITY (PERCENT)
 HIGHEST   100          1200 PM
 LOWEST     42          1200 AM
 AVERAGE    71

..........................................................


THE HUNTINGTON WV CLIMATE NORMALS FOR TODAY
                         NORMAL    RECORD    YEAR
 MAXIMUM TEMPERATURE (F)   71        92      1957
                                             1948
 MINIMUM TEMPERATURE (F)   48        32      1919
                                             1898


SUNRISE AND SUNSET
APRIL 26 2015.........SUNRISE   640 AM EDT   SUNSET   817 PM EDT
APRIL 27 2015.........SUNRISE   639 AM EDT   SUNSET   818 PM EDT


-  INDICATES NEGATIVE NUMBERS.
R  INDICATES RECORD WAS SET OR TIED.
MM INDICATES DATA IS MISSING.
T  INDICATES TRACE AMOUNT.




$$
