000
CDUS41 KCAR 040526
CLIHUL


CLIMATE REPORT
NATIONAL WEATHER SERVICE CARIBOU, ME
126 AM EDT MON MAY 4 2015


...................................

...THE HOULTON ME CLIMATE SUMMARY FOR MAY 3 2015...

CLIMATE NORMAL PERIOD 1981 TO 2010
CLIMATE RECORD PERIOD 1948 TO 2015


WEATHER ITEM   OBSERVED TIME   RECORD YEAR NORMAL DEPARTURE LAST
                VALUE   (LST)  VALUE       VALUE  FROM      YEAR
                                                  NORMAL
..................................................................
TEMPERATURE (F)
 YESTERDAY
  MAXIMUM         71    403 PM  89    2001  59     12       59
  MINIMUM         30    416 AM  21    1966  35     -5       32
  AVERAGE         51                        47      4       46

PRECIPITATION (IN)
  YESTERDAY        0.00          1.12 2004   0.10  -0.10     0.00
  MONTH TO DATE    0.00                      0.30  -0.30     0.47
  SINCE MAR 1      3.34                      6.77  -3.43     6.56
  SINCE JAN 1      5.44                     11.63  -6.19    12.14

SNOWFALL (IN)
  YESTERDAY       MM             1.0  1961   0.0   MM       MM
  MONTH TO DATE   MM                         0.0   MM       MM
  SINCE MAR 1     MM                        23.8   MM       MM
  SINCE JUL 1     MM                        89.4   MM       MM
  SNOW DEPTH      MM

DEGREE DAYS
 HEATING
  YESTERDAY       14                        18     -4       19
  MONTH TO DATE   51                        56     -5       56
  SINCE MAR 1   2286                      2056    230     2358
  SINCE JUL 1   8854                      8629    225     8948

 COOLING
  YESTERDAY        0                         0      0        0
  MONTH TO DATE    0                         0      0        0
  SINCE MAR 1      0                         0      0        0
  SINCE JAN 1      0                         0      0        0
..................................................................


WIND (MPH)
  HIGHEST WIND SPEED    10   HIGHEST WIND DIRECTION     N (360)
  HIGHEST GUST SPEED    15   HIGHEST GUST DIRECTION     N (20)
  AVERAGE WIND SPEED     3.2


SKY COVER
  POSSIBLE SUNSHINE  MM
  AVERAGE SKY COVER 0.1


WEATHER CONDITIONS
 THE FOLLOWING WEATHER WAS RECORDED YESTERDAY.
  NO SIGNIFICANT WEATHER WAS OBSERVED.


RELATIVE HUMIDITY (PERCENT)
 HIGHEST    92           200 AM
 LOWEST     16           200 PM
 AVERAGE    54

..........................................................


THE HOULTON ME CLIMATE NORMALS FOR TODAY
                         NORMAL    RECORD    YEAR
 MAXIMUM TEMPERATURE (F)   60        85      1944
 MINIMUM TEMPERATURE (F)   35        25      2003


SUNRISE AND SUNSET
MAY  4 2015...........SUNRISE   514 AM EDT   SUNSET   743 PM EDT
MAY  5 2015...........SUNRISE   512 AM EDT   SUNSET   744 PM EDT


-  INDICATES NEGATIVE NUMBERS.
R  INDICATES RECORD WAS SET OR TIED.
MM INDICATES DATA IS MISSING.
T  INDICATES TRACE AMOUNT.




$$
